Jan 14 01:01:02 amida sendmail[2308]: [ID 801593 mail.info] BAA02308: --> 250 <ab83702@mailhost.sandsli.dnb.no>... Recipient ok
Jan 14 01:01:02 amida sendmail[2308]: [ID 801593 mail.info] BAA02308: <-- DATA
Jan 14 01:01:02 amida sendmail[2303]: [ID 801593 mail.info] BAA02303: from=<ab83702@mailhost.sandsli.dnb.no>, size=425, class=0, pri=30425, nrcpts=1, msgid=<200201140001.BAA20307@ame.sandsli.dnb.no>, proto=ESMTP, relay=ame-fe0 [10.2.4.65]
Jan 14 01:01:02 amida sendmail[2306]: [ID 801593 mail.info] BAA02306: --> 354 Enter mail, end with "." on a line by itself
Jan 14 01:01:02 amida sendmail[2302]: [ID 801593 mail.info] BAA02302: --> 250 BAA02302 Message accepted for delivery
Jan 14 01:01:02 amida sendmail[2297]: [ID 801593 mail.info] NOQUEUE: <-- QUIT
Jan 14 01:01:02 amida sendmail[2297]: [ID 801593 mail.info] NOQUEUE: --> 221 mailhost.DnB-Data.DnB.no closing connection
Jan 14 01:01:02 amida sendmail[2298]: [ID 801593 mail.info] NOQUEUE: <-- QUIT
Jan 14 01:01:02 amida sendmail[2298]: [ID 801593 mail.info] NOQUEUE: --> 221 mailhost.DnB-Data.DnB.no closing connection
Jan 14 01:01:02 amida sendmail[2304]: [ID 801593 mail.info] BAA02304: from=<ab83702@mailhost.sandsli.dnb.no>, size=423, class=0, pri=30423, nrcpts=1, msgid=<200201140001.BAA20327@ame.sandsli.dnb.no>, proto=ESMTP, relay=ame-fe0 [10.2.4.65]
Jan 14 01:01:02 amida sendmail[2303]: [ID 801593 mail.info] BAA02303: --> 250 BAA02303 Message accepted for delivery
Jan 14 01:01:02 amida sendmail[2308]: [ID 801593 mail.info] BAA02308: --> 354 Enter mail, end with "." on a line by itself
Jan 14 01:01:02 amida sendmail[2315]: [ID 702911 mail.info] SMTP connect from ame-fe0 [10.2.4.65] (10.2.4.65)
Jan 14 01:01:02 amida sendmail[2315]: [ID 801593 mail.info] NOQUEUE: --> 220 mailhost.DnB-Data.DnB.no; ESMTP Mon, 14 Jan 2002 01:01:02 +0100 (MET)
Jan 14 01:01:02 amida sendmail[2315]: [ID 801593 mail.info] NOQUEUE: <-- EHLO ame.sandsli.dnb.no
Jan 14 01:01:02 amida sendmail[2315]: [ID 801593 mail.info] NOQUEUE: --> 250-mailhost.DnB-Data.DnB.no Hello ame-fe0 [10.2.4.65], pleased to meet you
Jan 14 01:01:02 amida sendmail[2315]: [ID 801593 mail.info] NOQUEUE: --> 250-8BITMIME
Jan 14 01:01:02 amida sendmail[2315]: [ID 801593 mail.info] NOQUEUE: --> 250-SIZE
Jan 14 01:01:02 amida sendmail[2315]: [ID 801593 mail.info] NOQUEUE: --> 250-DSN
Jan 14 01:01:02 amida sendmail[2315]: [ID 801593 mail.info] NOQUEUE: --> 250-ONEX
Jan 14 01:01:02 amida sendmail[2315]: [ID 801593 mail.info] NOQUEUE: --> 250-XUSR
Jan 14 01:01:02 amida sendmail[2315]: [ID 801593 mail.info] NOQUEUE: --> 250 HELP
Jan 14 01:01:02 amida sendmail[2315]: [ID 801593 mail.info] NOQUEUE: <-- MAIL From:<ab83702@mailhost.sandsli.dnb.no> SIZE=136
Jan 14 01:01:02 amida sendmail[2316]: [ID 702911 mail.info] SMTP connect from ame-fe0 [10.2.4.65] (10.2.4.65)
Jan 14 01:01:02 amida sendmail[2316]: [ID 801593 mail.info] NOQUEUE: --> 220 mailhost.DnB-Data.DnB.no; ESMTP Mon, 14 Jan 2002 01:01:02 +0100 (MET)
Jan 14 01:01:02 amida sendmail[2316]: [ID 801593 mail.info] NOQUEUE: <-- EHLO ame.sandsli.dnb.no
Jan 14 01:01:02 amida sendmail[2316]: [ID 801593 mail.info] NOQUEUE: --> 250-mailhost.DnB-Data.DnB.no Hello ame-fe0 [10.2.4.65], pleased to meet you
Jan 14 01:01:02 amida sendmail[2316]: [ID 801593 mail.info] NOQUEUE: --> 250-8BITMIME
Jan 14 01:01:02 amida sendmail[2316]: [ID 801593 mail.info] NOQUEUE: --> 250-SIZE
Jan 14 01:01:02 amida sendmail[2316]: [ID 801593 mail.info] NOQUEUE: --> 250-DSN
Jan 14 01:01:02 amida sendmail[2316]: [ID 801593 mail.info] NOQUEUE: --> 250-ONEX
Jan 14 01:01:02 amida sendmail[2316]: [ID 801593 mail.info] NOQUEUE: --> 250-XUSR
Jan 14 01:01:02 amida sendmail[2316]: [ID 801593 mail.info] NOQUEUE: --> 250 HELP
Jan 14 01:01:02 amida sendmail[2316]: [ID 801593 mail.info] NOQUEUE: <-- MAIL From:<ab83702@mailhost.sandsli.dnb.no> SIZE=136
Jan 14 01:01:02 amida sendmail[2306]: [ID 801593 mail.info] BAA02306: from=<ab83702@mailhost.sandsli.dnb.no>, size=441, class=0, pri=30441, nrcpts=1, msgid=<200201140001.BAA20339@ame.sandsli.dnb.no>, proto=ESMTP, relay=ame-fe0 [10.2.4.65]
Jan 14 01:01:02 amida sendmail[2299]: [ID 801593 mail.info] NOQUEUE: <-- QUIT
Jan 14 01:01:02 amida sendmail[2299]: [ID 801593 mail.info] NOQUEUE: --> 221 mailhost.DnB-Data.DnB.no closing connection
Jan 14 01:01:02 amida sendmail[2304]: [ID 801593 mail.info] BAA02304: --> 250 BAA02304 Message accepted for delivery
Jan 14 01:01:02 amida sendmail[2300]: [ID 801593 mail.info] NOQUEUE: <-- QUIT
Jan 14 01:01:02 amida sendmail[2300]: [ID 801593 mail.info] NOQUEUE: --> 221 mailhost.DnB-Data.DnB.no closing connection
Jan 14 01:01:02 amida sendmail[2308]: [ID 801593 mail.info] BAA02308: from=<ab83702@mailhost.sandsli.dnb.no>, size=441, class=0, pri=30441, nrcpts=1, msgid=<200201140001.BAA20351@ame.sandsli.dnb.no>, proto=ESMTP, relay=ame-fe0 [10.2.4.65]
Jan 14 01:01:02 amida sendmail[2306]: [ID 801593 mail.info] BAA02306: --> 250 BAA02306 Message accepted for delivery
Jan 14 01:01:02 amida sendmail[2305]: [ID 801593 mail.info] NOQUEUE: <-- QUIT
Jan 14 01:01:02 amida sendmail[2305]: [ID 801593 mail.info] NOQUEUE: --> 221 mailhost.DnB-Data.DnB.no closing connection
Jan 14 01:01:02 amida sendmail[2308]: [ID 801593 mail.info] BAA02308: --> 250 BAA02308 Message accepted for delivery
Jan 14 01:01:02 amida sendmail[2312]: [ID 801593 mail.info] BAA02312: --> 250 <ab83702@mailhost.sandsli.dnb.no>... Sender ok
Jan 14 01:01:02 amida sendmail[2312]: [ID 801593 mail.info] BAA02312: <-- RCPT To:<ab83702@mailhost.sandsli.dnb.no>
Jan 14 01:01:02 amida sendmail[2312]: [ID 801593 mail.info] BAA02312: --> 250 <ab83702@mailhost.sandsli.dnb.no>... Recipient ok
Jan 14 01:01:02 amida sendmail[2312]: [ID 801593 mail.info] BAA02312: <-- DATA
Jan 14 01:01:02 amida sendmail[2307]: [ID 801593 mail.info] NOQUEUE: <-- QUIT
Jan 14 01:01:02 amida sendmail[2307]: [ID 801593 mail.info] NOQUEUE: --> 221 mailhost.DnB-Data.DnB.no closing connection
Jan 14 01:01:02 amida sendmail[2323]: [ID 702911 mail.info] SMTP connect from ame-fe0 [10.2.4.65] (10.2.4.65)
Jan 14 01:01:02 amida sendmail[2323]: [ID 801593 mail.info] NOQUEUE: --> 220 mailhost.DnB-Data.DnB.no; ESMTP Mon, 14 Jan 2002 01:01:02 +0100 (MET)
Jan 14 01:01:02 amida sendmail[2323]: [ID 801593 mail.info] NOQUEUE: <-- EHLO ame.sandsli.dnb.no
Jan 14 01:01:02 amida sendmail[2323]: [ID 801593 mail.info] NOQUEUE: --> 250-mailhost.DnB-Data.DnB.no Hello ame-fe0 [10.2.4.65], pleased to meet you
Jan 14 01:01:02 amida sendmail[2323]: [ID 801593 mail.info] NOQUEUE: --> 250-8BITMIME
Jan 14 01:01:02 amida sendmail[2323]: [ID 801593 mail.info] NOQUEUE: --> 250-SIZE
Jan 14 01:01:02 amida sendmail[2323]: [ID 801593 mail.info] NOQUEUE: --> 250-DSN
Jan 14 01:01:02 amida sendmail[2323]: [ID 801593 mail.info] NOQUEUE: --> 250-ONEX
Jan 14 01:01:02 amida sendmail[2323]: [ID 801593 mail.info] NOQUEUE: --> 250-XUSR
Jan 14 01:01:02 amida sendmail[2323]: [ID 801593 mail.info] NOQUEUE: --> 250 HELP
Jan 14 01:01:02 amida sendmail[2323]: [ID 801593 mail.info] NOQUEUE: <-- MAIL From:<ab83702@mailhost.sandsli.dnb.no> SIZE=126
Jan 14 01:01:02 amida sendmail[2324]: [ID 702911 mail.info] SMTP connect from ame-fe0 [10.2.4.65] (10.2.4.65)
Jan 14 01:01:02 amida sendmail[2324]: [ID 801593 mail.info] NOQUEUE: --> 220 mailhost.DnB-Data.DnB.no; ESMTP Mon, 14 Jan 2002 01:01:02 +0100 (MET)
Jan 14 01:01:02 amida sendmail[2324]: [ID 801593 mail.info] NOQUEUE: <-- EHLO ame.sandsli.dnb.no
Jan 14 01:01:02 amida sendmail[2324]: [ID 801593 mail.info] NOQUEUE: --> 250-mailhost.DnB-Data.DnB.no Hello ame-fe0 [10.2.4.65], pleased to meet you
Jan 14 01:01:02 amida sendmail[2324]: [ID 801593 mail.info] NOQUEUE: --> 250-8BITMIME
Jan 14 01:01:02 amida sendmail[2324]: [ID 801593 mail.info] NOQUEUE: --> 250-SIZE
Jan 14 01:01:02 amida sendmail[2324]: [ID 801593 mail.info] NOQUEUE: --> 250-DSN
Jan 14 01:01:02 amida sendmail[2324]: [ID 801593 mail.info] NOQUEUE: --> 250-ONEX
Jan 14 01:01:02 amida sendmail[2324]: [ID 801593 mail.info] NOQUEUE: --> 250-XUSR
Jan 14 01:01:02 amida sendmail[2324]: [ID 801593 mail.info] NOQUEUE: --> 250 HELP
Jan 14 01:01:02 amida sendmail[2324]: [ID 801593 mail.info] NOQUEUE: <-- MAIL From:<ab83702@mailhost.sandsli.dnb.no> SIZE=126
Jan 14 01:01:02 amida sendmail[2311]: [ID 801593 mail.info] BAA02311: --> 250 <ab83702@mailhost.sandsli.dnb.no>... Sender ok
Jan 14 01:01:02 amida sendmail[2311]: [ID 801593 mail.info] BAA02311: <-- RCPT To:<ab83702@mailhost.sandsli.dnb.no>
Jan 14 01:01:02 amida sendmail[2311]: [ID 801593 mail.info] BAA02311: --> 250 <ab83702@mailhost.sandsli.dnb.no>... Recipient ok
Jan 14 01:01:02 amida sendmail[2311]: [ID 801593 mail.info] BAA02311: <-- DATA
Jan 14 01:01:02 amida sendmail[2314]: [ID 801593 mail.info] BAA02302: forward <ab83702@mailhost.sandsli.dnb.no> => ingeborg.hope@dnb.no
Jan 14 01:01:02 amida sendmail[2313]: [ID 801593 mail.info] BAA02301: forward <ab83702@mailhost.sandsli.dnb.no> => ingeborg.hope@dnb.no
Jan 14 01:01:02 amida sendmail[2319]: [ID 801593 mail.info] BAA02303: forward <ab83702@mailhost.sandsli.dnb.no> => ingeborg.hope@dnb.no
Jan 14 01:01:02 amida sendmail[2320]: [ID 801593 mail.info] BAA02304: forward <ab83702@mailhost.sandsli.dnb.no> => ingeborg.hope@dnb.no
Jan 14 01:01:02 amida sendmail[2321]: [ID 801593 mail.info] BAA02306: forward <ab83702@mailhost.sandsli.dnb.no> => ingeborg.hope@dnb.no
Jan 14 01:01:02 amida sendmail[2322]: [ID 801593 mail.info] BAA02308: forward <ab83702@mailhost.sandsli.dnb.no> => ingeborg.hope@dnb.no
Jan 14 01:01:02 amida sendmail[2312]: [ID 801593 mail.info] BAA02312: --> 354 Enter mail, end with "." on a line by itself
Jan 14 01:01:02 amida sendmail[2317]: [ID 801593 mail.info] BAA02317: --> 250 <ab83702@mailhost.sandsli.dnb.no>... Sender ok
Jan 14 01:01:02 amida sendmail[2317]: [ID 801593 mail.info] BAA02317: <-- RCPT To:<ab83702@mailhost.sandsli.dnb.no>
Jan 14 01:01:02 amida sendmail[2318]: [ID 801593 mail.info] BAA02318: --> 250 <ab83702@mailhost.sandsli.dnb.no>... Sender ok
Jan 14 01:01:02 amida sendmail[2318]: [ID 801593 mail.info] BAA02318: <-- RCPT To:<ab83702@mailhost.sandsli.dnb.no>
Jan 14 01:01:02 amida sendmail[2317]: [ID 801593 mail.info] BAA02317: --> 250 <ab83702@mailhost.sandsli.dnb.no>... Recipient ok
Jan 14 01:01:02 amida sendmail[2317]: [ID 801593 mail.info] BAA02317: <-- DATA
Jan 14 01:01:02 amida sendmail[2318]: [ID 801593 mail.info] BAA02318: --> 250 <ab83702@mailhost.sandsli.dnb.no>... Recipient ok
Jan 14 01:01:02 amida sendmail[2318]: [ID 801593 mail.info] BAA02318: <-- DATA
Jan 14 01:01:03 amida sendmail[2327]: [ID 702911 mail.info] SMTP connect from ame-fe0 [10.2.4.65] (10.2.4.65)
Jan 14 01:01:03 amida sendmail[2327]: [ID 801593 mail.info] NOQUEUE: --> 220 mailhost.DnB-Data.DnB.no; ESMTP Mon, 14 Jan 2002 01:01:03 +0100 (MET)
Jan 14 01:01:03 amida sendmail[2327]: [ID 801593 mail.info] NOQUEUE: <-- EHLO ame.sandsli.dnb.no
Jan 14 01:01:03 amida sendmail[2327]: [ID 801593 mail.info] NOQUEUE: --> 250-mailhost.DnB-Data.DnB.no Hello ame-fe0 [10.2.4.65], pleased to meet you
Jan 14 01:01:03 amida sendmail[2327]: [ID 801593 mail.info] NOQUEUE: --> 250-8BITMIME
Jan 14 01:01:03 amida sendmail[2327]: [ID 801593 mail.info] NOQUEUE: --> 250-SIZE
Jan 14 01:01:03 amida sendmail[2327]: [ID 801593 mail.info] NOQUEUE: --> 250-DSN
Jan 14 01:01:03 amida sendmail[2327]: [ID 801593 mail.info] NOQUEUE: --> 250-ONEX
Jan 14 01:01:03 amida sendmail[2327]: [ID 801593 mail.info] NOQUEUE: --> 250-XUSR
Jan 14 01:01:03 amida sendmail[2327]: [ID 801593 mail.info] NOQUEUE: --> 250 HELP
Jan 14 01:01:03 amida sendmail[2327]: [ID 801593 mail.info] NOQUEUE: <-- MAIL From:<ab83702@mailhost.sandsli.dnb.no> SIZE=130
Jan 14 01:01:03 amida sendmail[2329]: [ID 702911 mail.info] SMTP connect from ame-fe0 [10.2.4.65] (10.2.4.65)
Jan 14 01:01:03 amida sendmail[2329]: [ID 801593 mail.info] NOQUEUE: --> 220 mailhost.DnB-Data.DnB.no; ESMTP Mon, 14 Jan 2002 01:01:03 +0100 (MET)
Jan 14 01:01:03 amida sendmail[2329]: [ID 801593 mail.info] NOQUEUE: <-- EHLO ame.sandsli.dnb.no
Jan 14 01:01:03 amida sendmail[2329]: [ID 801593 mail.info] NOQUEUE: --> 250-mailhost.DnB-Data.DnB.no Hello ame-fe0 [10.2.4.65], pleased to meet you
Jan 14 01:01:03 amida sendmail[2329]: [ID 801593 mail.info] NOQUEUE: --> 250-8BITMIME
Jan 14 01:01:03 amida sendmail[2329]: [ID 801593 mail.info] NOQUEUE: --> 250-SIZE
Jan 14 01:01:03 amida sendmail[2329]: [ID 801593 mail.info] NOQUEUE: --> 250-DSN
Jan 14 01:01:03 amida sendmail[2329]: [ID 801593 mail.info] NOQUEUE: --> 250-ONEX
Jan 14 01:01:03 amida sendmail[2329]: [ID 801593 mail.info] NOQUEUE: --> 250-XUSR
Jan 14 01:01:03 amida sendmail[2329]: [ID 801593 mail.info] NOQUEUE: --> 250 HELP
Jan 14 01:01:03 amida sendmail[2329]: [ID 801593 mail.info] NOQUEUE: <-- MAIL From:<ab83702@mailhost.sandsli.dnb.no> SIZE=130
Jan 14 01:01:03 amida sendmail[2312]: [ID 801593 mail.info] BAA02312: from=<ab83702@mailhost.sandsli.dnb.no>, size=433, class=0, pri=30433, nrcpts=1, msgid=<200201140001.BAA20371@ame.sandsli.dnb.no>, proto=ESMTP, relay=ame-fe0 [10.2.4.65]
Jan 14 01:01:03 amida sendmail[2311]: [ID 801593 mail.info] BAA02311: --> 354 Enter mail, end with "." on a line by itself
Jan 14 01:01:03 amida sendmail[2317]: [ID 801593 mail.info] BAA02317: --> 354 Enter mail, end with "." on a line by itself
Jan 14 01:01:03 amida sendmail[2318]: [ID 801593 mail.info] BAA02318: --> 354 Enter mail, end with "." on a line by itself
Jan 14 01:01:03 amida sendmail[2332]: [ID 702911 mail.info] SMTP connect from ame-fe0 [10.2.4.65] (10.2.4.65)
Jan 14 01:01:03 amida sendmail[2332]: [ID 801593 mail.info] NOQUEUE: --> 220 mailhost.DnB-Data.DnB.no; ESMTP Mon, 14 Jan 2002 01:01:03 +0100 (MET)
Jan 14 01:01:03 amida sendmail[2332]: [ID 801593 mail.info] NOQUEUE: <-- EHLO ame.sandsli.dnb.no
Jan 14 01:01:03 amida sendmail[2332]: [ID 801593 mail.info] NOQUEUE: --> 250-mailhost.DnB-Data.DnB.no Hello ame-fe0 [10.2.4.65], pleased to meet you
Jan 14 01:01:03 amida sendmail[2332]: [ID 801593 mail.info] NOQUEUE: --> 250-8BITMIME
Jan 14 01:01:03 amida sendmail[2332]: [ID 801593 mail.info] NOQUEUE: --> 250-SIZE
Jan 14 01:01:03 amida sendmail[2332]: [ID 801593 mail.info] NOQUEUE: --> 250-DSN
Jan 14 01:01:03 amida sendmail[2332]: [ID 801593 mail.info] NOQUEUE: --> 250-ONEX
Jan 14 01:01:03 amida sendmail[2332]: [ID 801593 mail.info] NOQUEUE: --> 250-XUSR
Jan 14 01:01:03 amida sendmail[2332]: [ID 801593 mail.info] NOQUEUE: --> 250 HELP
Jan 14 01:01:03 amida sendmail[2332]: [ID 801593 mail.info] NOQUEUE: <-- MAIL From:<ab83702@mailhost.sandsli.dnb.no> SIZE=2589
Jan 14 01:01:03 amida sendmail[2312]: [ID 801593 mail.info] BAA02312: --> 250 BAA02312 Message accepted for delivery
Jan 14 01:01:03 amida sendmail[2311]: [ID 801593 mail.info] BAA02311: from=<ab83702@mailhost.sandsli.dnb.no>, size=433, class=0, pri=30433, nrcpts=1, msgid=<200201140001.BAA20367@ame.sandsli.dnb.no>, proto=ESMTP, relay=ame-fe0 [10.2.4.65]
Jan 14 01:01:03 amida sendmail[2317]: [ID 801593 mail.info] BAA02317: from=<ab83702@mailhost.sandsli.dnb.no>, size=431, class=0, pri=30431, nrcpts=1, msgid=<200201140001.BAA20387@ame.sandsli.dnb.no>, proto=ESMTP, relay=ame-fe0 [10.2.4.65]
Jan 14 01:01:03 amida sendmail[2318]: [ID 801593 mail.info] BAA02318: from=<ab83702@mailhost.sandsli.dnb.no>, size=431, class=0, pri=30431, nrcpts=1, msgid=<200201140001.BAA20391@ame.sandsli.dnb.no>, proto=ESMTP, relay=ame-fe0 [10.2.4.65]
Jan 14 01:01:03 amida sendmail[2313]: [ID 801593 mail.info] BAA02301: to=ingeborg.hope@dnb.no, ctladdr=ab83702@mailhost.sandsli.dnb.no (1028/102), delay=00:00:01, xdelay=00:00:00, mailer=smtp, relay=smtp.dnb.no. [10.2.6.25], stat=Sent (OK)
Jan 14 01:01:03 amida sendmail[2319]: [ID 801593 mail.info] BAA02303: to=ingeborg.hope@dnb.no, ctladdr=ab83702@mailhost.sandsli.dnb.no (1028/102), delay=00:00:01, xdelay=00:00:00, mailer=smtp, relay=smtp.dnb.no. [10.20.16.25], stat=Sent (OK)
Jan 14 01:01:03 amida sendmail[2325]: [ID 801593 mail.info] BAA02325: --> 250 <ab83702@mailhost.sandsli.dnb.no>... Sender ok
Jan 14 01:01:03 amida sendmail[2325]: [ID 801593 mail.info] BAA02325: <-- RCPT To:<ab83702@mailhost.sandsli.dnb.no>
Jan 14 01:01:03 amida sendmail[2325]: [ID 801593 mail.info] BAA02325: --> 250 <ab83702@mailhost.sandsli.dnb.no>... Recipient ok
Jan 14 01:01:03 amida sendmail[2325]: [ID 801593 mail.info] BAA02325: <-- DATA
Jan 14 01:01:03 amida sendmail[2326]: [ID 801593 mail.info] BAA02326: --> 250 <ab83702@mailhost.sandsli.dnb.no>... Sender ok
Jan 14 01:01:03 amida sendmail[2326]: [ID 801593 mail.info] BAA02326: <-- RCPT To:<ab83702@mailhost.sandsli.dnb.no>
Jan 14 01:01:03 amida sendmail[2326]: [ID 801593 mail.info] BAA02326: --> 250 <ab83702@mailhost.sandsli.dnb.no>... Recipient ok
Jan 14 01:01:03 amida sendmail[2326]: [ID 801593 mail.info] BAA02326: <-- DATA
Jan 14 01:01:03 amida sendmail[2313]: [ID 801593 mail.info] BAA02301: done
Jan 14 01:01:03 amida sendmail[2319]: [ID 801593 mail.info] BAA02303: done
Jan 14 01:01:03 amida sendmail[2320]: [ID 801593 mail.info] BAA02304: to=ingeborg.hope@dnb.no, ctladdr=ab83702@mailhost.sandsli.dnb.no (1028/102), delay=00:00:01, xdelay=00:00:00, mailer=smtp, relay=smtp.dnb.no. [10.2.6.25], stat=Sent (OK)
Jan 14 01:01:03 amida sendmail[2328]: [ID 801593 mail.info] BAA02328: --> 250 <ab83702@mailhost.sandsli.dnb.no>... Sender ok
Jan 14 01:01:03 amida sendmail[2328]: [ID 801593 mail.info] BAA02328: <-- RCPT To:<ab83702@mailhost.sandsli.dnb.no>
Jan 14 01:01:03 amida sendmail[2328]: [ID 801593 mail.info] BAA02328: --> 250 <ab83702@mailhost.sandsli.dnb.no>... Recipient ok
Jan 14 01:01:03 amida sendmail[2314]: [ID 801593 mail.info] BAA02302: to=ingeborg.hope@dnb.no, ctladdr=ab83702@mailhost.sandsli.dnb.no (1028/102), delay=00:00:01, xdelay=00:00:00, mailer=smtp, relay=smtp.dnb.no. [10.20.16.25], stat=Sent (OK)
Jan 14 01:01:03 amida sendmail[2328]: [ID 801593 mail.info] BAA02328: <-- DATA
Jan 14 01:01:03 amida sendmail[2320]: [ID 801593 mail.info] BAA02304: done
Jan 14 01:01:03 amida sendmail[2310]: [ID 801593 mail.info] NOQUEUE: <-- QUIT
Jan 14 01:01:03 amida sendmail[2310]: [ID 801593 mail.info] NOQUEUE: --> 221 mailhost.DnB-Data.DnB.no closing connection
Jan 14 01:01:03 amida sendmail[2314]: [ID 801593 mail.info] BAA02302: done
Jan 14 01:01:03 amida sendmail[2311]: [ID 801593 mail.info] BAA02311: --> 250 BAA02311 Message accepted for delivery
Jan 14 01:01:03 amida sendmail[2321]: [ID 801593 mail.info] BAA02306: to=ingeborg.hope@dnb.no, ctladdr=ab83702@mailhost.sandsli.dnb.no (1028/102), delay=00:00:01, xdelay=00:00:00, mailer=smtp, relay=smtp.dnb.no. [10.20.16.25], stat=Sent (OK)
Jan 14 01:01:03 amida sendmail[2317]: [ID 801593 mail.info] BAA02317: --> 250 BAA02317 Message accepted for delivery
Jan 14 01:01:03 amida sendmail[2326]: [ID 801593 mail.info] BAA02326: --> 354 Enter mail, end with "." on a line by itself
Jan 14 01:01:03 amida sendmail[2318]: [ID 801593 mail.info] BAA02318: --> 250 BAA02318 Message accepted for delivery
Jan 14 01:01:03 amida sendmail[2331]: [ID 801593 mail.info] BAA02331: --> 250 <ab83702@mailhost.sandsli.dnb.no>... Sender ok
Jan 14 01:01:03 amida sendmail[2331]: [ID 801593 mail.info] BAA02331: <-- RCPT To:<ab83702@mailhost.sandsli.dnb.no>
Jan 14 01:01:03 amida sendmail[2331]: [ID 801593 mail.info] BAA02331: --> 250 <ab83702@mailhost.sandsli.dnb.no>... Recipient ok
Jan 14 01:01:03 amida sendmail[2325]: [ID 801593 mail.info] BAA02325: --> 354 Enter mail, end with "." on a line by itself
Jan 14 01:01:03 amida sendmail[2321]: [ID 801593 mail.info] BAA02306: done
Jan 14 01:01:03 amida sendmail[2331]: [ID 801593 mail.info] BAA02331: <-- DATA
Jan 14 01:01:03 amida sendmail[2328]: [ID 801593 mail.info] BAA02328: --> 354 Enter mail, end with "." on a line by itself
Jan 14 01:01:03 amida sendmail[2322]: [ID 801593 mail.info] BAA02308: to=ingeborg.hope@dnb.no, ctladdr=ab83702@mailhost.sandsli.dnb.no (1028/102), delay=00:00:01, xdelay=00:00:00, mailer=smtp, relay=smtp.dnb.no. [10.2.6.25], stat=Sent (OK)
Jan 14 01:01:03 amida sendmail[2334]: [ID 801593 mail.info] BAA02312: forward <ab83702@mailhost.sandsli.dnb.no> => ingeborg.hope@dnb.no
Jan 14 01:01:03 amida sendmail[2322]: [ID 801593 mail.info] BAA02308: done
Jan 14 01:01:03 amida sendmail[2309]: [ID 801593 mail.info] NOQUEUE: <-- QUIT
Jan 14 01:01:03 amida sendmail[2309]: [ID 801593 mail.info] NOQUEUE: --> 221 mailhost.DnB-Data.DnB.no closing connection
Jan 14 01:01:03 amida sendmail[2333]: [ID 801593 mail.info] BAA02333: --> 250 <ab83702@mailhost.sandsli.dnb.no>... Sender ok
Jan 14 01:01:03 amida sendmail[2326]: [ID 801593 mail.info] BAA02326: from=<ab83702@mailhost.sandsli.dnb.no>, size=421, class=0, pri=30421, nrcpts=1, msgid=<200201140001.BAA20411@ame.sandsli.dnb.no>, proto=ESMTP, relay=ame-fe0 [10.2.4.65]
Jan 14 01:01:03 amida sendmail[2333]: [ID 801593 mail.info] BAA02333: <-- RCPT To:<ab83702@mailhost.sandsli.dnb.no>
Jan 14 01:01:03 amida sendmail[2333]: [ID 801593 mail.info] BAA02333: --> 250 <ab83702@mailhost.sandsli.dnb.no>... Recipient ok
Jan 14 01:01:03 amida sendmail[2315]: [ID 801593 mail.info] NOQUEUE: <-- QUIT
Jan 14 01:01:03 amida sendmail[2325]: [ID 801593 mail.info] BAA02325: from=<ab83702@mailhost.sandsli.dnb.no>, size=421, class=0, pri=30421, nrcpts=1, msgid=<200201140001.BAA20407@ame.sandsli.dnb.no>, proto=ESMTP, relay=ame-fe0 [10.2.4.65]
Jan 14 01:01:03 amida sendmail[2333]: [ID 801593 mail.info] BAA02333: <-- DATA
Jan 14 01:01:03 amida sendmail[2315]: [ID 801593 mail.info] NOQUEUE: --> 221 mailhost.DnB-Data.DnB.no closing connection
Jan 14 01:01:03 amida sendmail[2316]: [ID 801593 mail.info] NOQUEUE: <-- QUIT
Jan 14 01:01:03 amida sendmail[2316]: [ID 801593 mail.info] NOQUEUE: --> 221 mailhost.DnB-Data.DnB.no closing connection
Jan 14 01:01:03 amida sendmail[2328]: [ID 801593 mail.info] BAA02328: from=<ab83702@mailhost.sandsli.dnb.no>, size=425, class=0, pri=30425, nrcpts=1, msgid=<200201140001.BAA20425@ame.sandsli.dnb.no>, proto=ESMTP, relay=ame-fe0 [10.2.4.65]
Jan 14 01:01:03 amida sendmail[2331]: [ID 801593 mail.info] BAA02331: --> 354 Enter mail, end with "." on a line by itself
Jan 14 01:01:03 amida sendmail[2335]: [ID 801593 mail.info] BAA02311: forward <ab83702@mailhost.sandsli.dnb.no> => ingeborg.hope@dnb.no
Jan 14 01:01:03 amida sendmail[2326]: [ID 801593 mail.info] BAA02326: --> 250 BAA02326 Message accepted for delivery
Jan 14 01:01:03 amida sendmail[2333]: [ID 801593 mail.info] BAA02333: --> 354 Enter mail, end with "." on a line by itself
Jan 14 01:01:03 amida sendmail[2336]: [ID 801593 mail.info] BAA02317: forward <ab83702@mailhost.sandsli.dnb.no> => ingeborg.hope@dnb.no
Jan 14 01:01:04 amida sendmail[2325]: [ID 801593 mail.info] BAA02325: --> 250 BAA02325 Message accepted for delivery
Jan 14 01:01:04 amida sendmail[2328]: [ID 801593 mail.info] BAA02328: --> 250 BAA02328 Message accepted for delivery
Jan 14 01:01:04 amida sendmail[2331]: [ID 801593 mail.info] BAA02331: from=<ab83702@mailhost.sandsli.dnb.no>, size=425, class=0, pri=30425, nrcpts=1, msgid=<200201140001.BAA20431@ame.sandsli.dnb.no>, proto=ESMTP, relay=ame-fe0 [10.2.4.65]
Jan 14 01:01:04 amida sendmail[2337]: [ID 801593 mail.info] BAA02318: forward <ab83702@mailhost.sandsli.dnb.no> => ingeborg.hope@dnb.no
Jan 14 01:01:04 amida sendmail[2333]: [ID 801593 mail.info] BAA02333: from=<ab83702@mailhost.sandsli.dnb.no>, size=2909, class=0, pri=32909, nrcpts=1, msgid=<200201140001.BAA20443@ame.sandsli.dnb.no>, proto=ESMTP, relay=ame-fe0 [10.2.4.65]
Jan 14 01:01:04 amida sendmail[2324]: [ID 801593 mail.info] NOQUEUE: <-- QUIT
Jan 14 01:01:04 amida sendmail[2324]: [ID 801593 mail.info] NOQUEUE: --> 221 mailhost.DnB-Data.DnB.no closing connection
Jan 14 01:01:04 amida sendmail[2323]: [ID 801593 mail.info] NOQUEUE: <-- QUIT
Jan 14 01:01:04 amida sendmail[2323]: [ID 801593 mail.info] NOQUEUE: --> 221 mailhost.DnB-Data.DnB.no closing connection
Jan 14 01:01:04 amida sendmail[2327]: [ID 801593 mail.info] NOQUEUE: <-- QUIT
Jan 14 01:01:04 amida sendmail[2327]: [ID 801593 mail.info] NOQUEUE: --> 221 mailhost.DnB-Data.DnB.no closing connection
Jan 14 01:01:04 amida sendmail[2331]: [ID 801593 mail.info] BAA02331: --> 250 BAA02331 Message accepted for delivery
Jan 14 01:01:04 amida sendmail[2333]: [ID 801593 mail.info] BAA02333: --> 250 BAA02333 Message accepted for delivery
Jan 14 01:01:04 amida sendmail[2338]: [ID 801593 mail.info] BAA02326: forward <ab83702@mailhost.sandsli.dnb.no> => ingeborg.hope@dnb.no
Jan 14 01:01:04 amida sendmail[2339]: [ID 801593 mail.info] BAA02325: forward <ab83702@mailhost.sandsli.dnb.no> => ingeborg.hope@dnb.no
Jan 14 01:01:04 amida sendmail[2329]: [ID 801593 mail.info] NOQUEUE: <-- QUIT
Jan 14 01:01:04 amida sendmail[2329]: [ID 801593 mail.info] NOQUEUE: --> 221 mailhost.DnB-Data.DnB.no closing connection
Jan 14 01:01:04 amida sendmail[2340]: [ID 801593 mail.info] BAA02328: forward <ab83702@mailhost.sandsli.dnb.no> => ingeborg.hope@dnb.no
Jan 14 01:01:04 amida sendmail[2332]: [ID 801593 mail.info] NOQUEUE: <-- QUIT
Jan 14 01:01:04 amida sendmail[2332]: [ID 801593 mail.info] NOQUEUE: --> 221 mailhost.DnB-Data.DnB.no closing connection
Jan 14 01:01:04 amida sendmail[2341]: [ID 801593 mail.info] BAA02331: forward <ab83702@mailhost.sandsli.dnb.no> => ingeborg.hope@dnb.no
Jan 14 01:01:04 amida sendmail[2342]: [ID 801593 mail.info] BAA02333: forward <ab83702@mailhost.sandsli.dnb.no> => ingeborg.hope@dnb.no
Jan 14 01:01:04 amida sendmail[2334]: [ID 801593 mail.info] BAA02312: to=ingeborg.hope@dnb.no, ctladdr=ab83702@mailhost.sandsli.dnb.no (1028/102), delay=00:00:02, xdelay=00:00:00, mailer=smtp, relay=smtp.dnb.no. [10.20.16.25], stat=Sent (OK)
Jan 14 01:01:04 amida sendmail[2335]: [ID 801593 mail.info] BAA02311: to=ingeborg.hope@dnb.no, ctladdr=ab83702@mailhost.sandsli.dnb.no (1028/102), delay=00:00:02, xdelay=00:00:00, mailer=smtp, relay=smtp.dnb.no. [10.2.6.25], stat=Sent (OK)
Jan 14 01:01:04 amida sendmail[2334]: [ID 801593 mail.info] BAA02312: done
Jan 14 01:01:04 amida sendmail[2335]: [ID 801593 mail.info] BAA02311: done
Jan 14 01:01:04 amida sendmail[2336]: [ID 801593 mail.info] BAA02317: to=ingeborg.hope@dnb.no, ctladdr=ab83702@mailhost.sandsli.dnb.no (1028/102), delay=00:00:02, xdelay=00:00:00, mailer=smtp, relay=smtp.dnb.no. [10.20.16.25], stat=Sent (OK)
Jan 14 01:01:04 amida sendmail[2336]: [ID 801593 mail.info] BAA02317: done
Jan 14 01:01:04 amida sendmail[2337]: [ID 801593 mail.info] BAA02318: to=ingeborg.hope@dnb.no, ctladdr=ab83702@mailhost.sandsli.dnb.no (1028/102), delay=00:00:02, xdelay=00:00:00, mailer=smtp, relay=smtp.dnb.no. [10.2.6.25], stat=Sent (OK)
Jan 14 01:01:04 amida sendmail[2337]: [ID 801593 mail.info] BAA02318: done
Jan 14 01:01:05 amida sendmail[2342]: [ID 801593 mail.info] BAA02333: to=ingeborg.hope@dnb.no, ctladdr=ab83702@mailhost.sandsli.dnb.no (1028/102), delay=00:00:02, xdelay=00:00:01, mailer=smtp, relay=smtp.dnb.no. [10.2.6.25], stat=Sent (OK)
Jan 14 01:01:05 amida sendmail[2342]: [ID 801593 mail.info] BAA02333: done
Jan 14 01:01:05 amida sendmail[2338]: [ID 801593 mail.info] BAA02326: to=ingeborg.hope@dnb.no, ctladdr=ab83702@mailhost.sandsli.dnb.no (1028/102), delay=00:00:02, xdelay=00:00:01, mailer=smtp, relay=smtp.dnb.no. [10.20.16.25], stat=Sent (OK)
Jan 14 01:01:05 amida sendmail[2338]: [ID 801593 mail.info] BAA02326: done
Jan 14 01:01:05 amida sendmail[2340]: [ID 801593 mail.info] BAA02328: to=ingeborg.hope@dnb.no, ctladdr=ab83702@mailhost.sandsli.dnb.no (1028/102), delay=00:00:02, xdelay=00:00:01, mailer=smtp, relay=smtp.dnb.no. [10.2.6.25], stat=Sent (OK)
Jan 14 01:01:05 amida sendmail[2340]: [ID 801593 mail.info] BAA02328: done
Jan 14 01:01:05 amida sendmail[2339]: [ID 801593 mail.info] BAA02325: to=ingeborg.hope@dnb.no, ctladdr=ab83702@mailhost.sandsli.dnb.no (1028/102), delay=00:00:02, xdelay=00:00:01, mailer=smtp, relay=smtp.dnb.no. [10.20.16.25], stat=Sent (OK)
Jan 14 01:01:05 amida sendmail[2339]: [ID 801593 mail.info] BAA02325: done
Jan 14 01:01:05 amida sendmail[2341]: [ID 801593 mail.info] BAA02331: to=ingeborg.hope@dnb.no, ctladdr=ab83702@mailhost.sandsli.dnb.no (1028/102), delay=00:00:02, xdelay=00:00:01, mailer=smtp, relay=smtp.dnb.no. [10.20.16.25], stat=Sent (OK)
Jan 14 01:01:05 amida sendmail[2341]: [ID 801593 mail.info] BAA02331: done
Jan 14 01:01:11 amida sendmail[2374]: [ID 702911 mail.info] SMTP connect from abrap401.akerbrygge.dnb.no [10.20.16.25] (10.20.16.25)
Jan 14 01:01:11 amida sendmail[2374]: [ID 801593 mail.info] NOQUEUE: --> 220 mailhost.DnB-Data.DnB.no; ESMTP Mon, 14 Jan 2002 01:01:11 +0100 (MET)
Jan 14 01:01:11 amida sendmail[2374]: [ID 801593 mail.info] NOQUEUE: <-- EHLO abrap401.dnb.no
Jan 14 01:01:11 amida sendmail[2374]: [ID 801593 mail.info] NOQUEUE: --> 250-mailhost.DnB-Data.DnB.no Hello abrap401.akerbrygge.dnb.no [10.20.16.25], pleased to meet you
Jan 14 01:01:11 amida sendmail[2374]: [ID 801593 mail.info] NOQUEUE: --> 250-8BITMIME
Jan 14 01:01:11 amida sendmail[2374]: [ID 801593 mail.info] NOQUEUE: --> 250-SIZE
Jan 14 01:01:11 amida sendmail[2374]: [ID 801593 mail.info] NOQUEUE: --> 250-DSN
Jan 14 01:01:11 amida sendmail[2374]: [ID 801593 mail.info] NOQUEUE: --> 250-ONEX
Jan 14 01:01:11 amida sendmail[2374]: [ID 801593 mail.info] NOQUEUE: --> 250-XUSR
Jan 14 01:01:11 amida sendmail[2374]: [ID 801593 mail.info] NOQUEUE: --> 250 HELP
Jan 14 01:01:11 amida sendmail[2374]: [ID 801593 mail.info] NOQUEUE: <-- MAIL FROM:<> SIZE=1988
Jan 14 01:01:11 amida sendmail[2376]: [ID 801593 mail.info] BAA02376: --> 250 <>... Sender ok
Jan 14 01:01:11 amida sendmail[2376]: [ID 801593 mail.info] BAA02376: <-- RCPT TO:<ab83702@DnB-Data.DnB.no>
Jan 14 01:01:11 amida sendmail[2375]: [ID 702911 mail.info] SMTP connect from abrap401.akerbrygge.dnb.no [10.20.16.25] (10.20.16.25)
Jan 14 01:01:11 amida sendmail[2375]: [ID 801593 mail.info] NOQUEUE: --> 220 mailhost.DnB-Data.DnB.no; ESMTP Mon, 14 Jan 2002 01:01:11 +0100 (MET)
Jan 14 01:01:11 amida sendmail[2375]: [ID 801593 mail.info] NOQUEUE: <-- EHLO abrap401.dnb.no
Jan 14 01:01:11 amida sendmail[2375]: [ID 801593 mail.info] NOQUEUE: --> 250-mailhost.DnB-Data.DnB.no Hello abrap401.akerbrygge.dnb.no [10.20.16.25], pleased to meet you
Jan 14 01:01:11 amida sendmail[2375]: [ID 801593 mail.info] NOQUEUE: --> 250-8BITMIME
Jan 14 01:01:11 amida sendmail[2375]: [ID 801593 mail.info] NOQUEUE: --> 250-SIZE
Jan 14 01:01:11 amida sendmail[2375]: [ID 801593 mail.info] NOQUEUE: --> 250-DSN
Jan 14 01:01:11 amida sendmail[2375]: [ID 801593 mail.info] NOQUEUE: --> 250-ONEX
Jan 14 01:01:11 amida sendmail[2375]: [ID 801593 mail.info] NOQUEUE: --> 250-XUSR
Jan 14 01:01:11 amida sendmail[2375]: [ID 801593 mail.info] NOQUEUE: --> 250 HELP
Jan 14 01:01:11 amida sendmail[2375]: [ID 801593 mail.info] NOQUEUE: <-- MAIL FROM:<> SIZE=2004
Jan 14 01:01:11 amida sendmail[2376]: [ID 801593 mail.info] BAA02376: --> 250 <ab83702@DnB-Data.DnB.no>... Recipient ok
Jan 14 01:01:11 amida sendmail[2376]: [ID 801593 mail.info] BAA02376: <-- DATA
Jan 14 01:01:11 amida sendmail[2377]: [ID 801593 mail.info] BAA02377: --> 250 <>... Sender ok
Jan 14 01:01:11 amida sendmail[2376]: [ID 801593 mail.info] BAA02376: --> 354 Enter mail, end with "." on a line by itself
Jan 14 01:01:11 amida sendmail[2377]: [ID 801593 mail.info] BAA02377: <-- RCPT TO:<ab83702@DnB-Data.DnB.no>
Jan 14 01:01:11 amida sendmail[2376]: [ID 801593 mail.info] BAA02376: from=<>, size=1666, class=0, pri=31666, nrcpts=1, msgid=<7919854B09F9624192AF8C7FA71B0A4501024298@sdlap401.Sandsli.DnB.no>, proto=ESMTP, relay=abrap401.akerbrygge.dnb.no [10.20.16.25]
Jan 14 01:01:11 amida sendmail[2376]: [ID 801593 mail.info] BAA02376: --> 250 BAA02376 Message accepted for delivery
Jan 14 01:01:11 amida sendmail[2378]: [ID 801593 mail.notice] BAA02376: setsender: : invalid or unparseable, received from abrap401.akerbrygge.dnb.no [10.20.16.25]
Jan 14 01:01:11 amida sendmail[2377]: [ID 801593 mail.info] BAA02377: --> 250 <ab83702@DnB-Data.DnB.no>... Recipient ok
Jan 14 01:01:11 amida sendmail[2378]: [ID 801593 mail.info] BAA02376: forward <ab83702@DnB-Data.DnB.no> => ingeborg.hope@dnb.no
Jan 14 01:01:11 amida sendmail[2374]: [ID 801593 mail.info] NOQUEUE: <-- QUIT
Jan 14 01:01:11 amida sendmail[2374]: [ID 801593 mail.info] NOQUEUE: --> 221 mailhost.DnB-Data.DnB.no closing connection
Jan 14 01:01:11 amida sendmail[2377]: [ID 801593 mail.info] BAA02377: <-- DATA
Jan 14 01:01:11 amida sendmail[2377]: [ID 801593 mail.info] BAA02377: --> 354 Enter mail, end with "." on a line by itself
Jan 14 01:01:11 amida sendmail[2377]: [ID 801593 mail.info] BAA02377: from=<>, size=1682, class=0, pri=31682, nrcpts=1, msgid=<7919854B09F9624192AF8C7FA71B0A4501026DA2@sdlap401.Sandsli.DnB.no>, proto=ESMTP, relay=abrap401.akerbrygge.dnb.no [10.20.16.25]
Jan 14 01:01:11 amida sendmail[2377]: [ID 801593 mail.info] BAA02377: --> 250 BAA02377 Message accepted for delivery
Jan 14 01:01:11 amida sendmail[2375]: [ID 801593 mail.info] NOQUEUE: <-- QUIT
Jan 14 01:01:11 amida sendmail[2375]: [ID 801593 mail.info] NOQUEUE: --> 221 mailhost.DnB-Data.DnB.no closing connection
Jan 14 01:01:11 amida sendmail[2379]: [ID 801593 mail.notice] BAA02377: setsender: : invalid or unparseable, received from abrap401.akerbrygge.dnb.no [10.20.16.25]
Jan 14 01:01:11 amida sendmail[2379]: [ID 801593 mail.info] BAA02377: forward <ab83702@DnB-Data.DnB.no> => ingeborg.hope@dnb.no
Jan 14 01:01:12 amida sendmail[2378]: [ID 801593 mail.info] BAA02376: to=ingeborg.hope@dnb.no, ctladdr=root (0/1), delay=00:00:01, xdelay=00:00:01, mailer=smtp, relay=smtp.dnb.no. [10.2.6.25], stat=Sent (OK)
Jan 14 01:01:12 amida sendmail[2378]: [ID 801593 mail.info] BAA02376: done
Jan 14 01:01:12 amida sendmail[2379]: [ID 801593 mail.info] BAA02377: to=ingeborg.hope@dnb.no, ctladdr=root (0/1), delay=00:00:01, xdelay=00:00:00, mailer=smtp, relay=smtp.dnb.no. [10.20.16.25], stat=Sent (OK)
Jan 14 01:01:12 amida sendmail[2379]: [ID 801593 mail.info] BAA02377: done
Jan 14 01:01:14 amida sendmail[2394]: [ID 702911 mail.info] SMTP connect from abrap401.akerbrygge.dnb.no [10.20.16.25] (10.20.16.25)
Jan 14 01:01:14 amida sendmail[2394]: [ID 801593 mail.info] NOQUEUE: --> 220 mailhost.DnB-Data.DnB.no; ESMTP Mon, 14 Jan 2002 01:01:14 +0100 (MET)
Jan 14 01:01:14 amida sendmail[2393]: [ID 702911 mail.info] SMTP connect from abrap401.akerbrygge.dnb.no [10.20.16.25] (10.20.16.25)
Jan 14 01:01:14 amida sendmail[2393]: [ID 801593 mail.info] NOQUEUE: --> 220 mailhost.DnB-Data.DnB.no; ESMTP Mon, 14 Jan 2002 01:01:14 +0100 (MET)
Jan 14 01:01:14 amida sendmail[2394]: [ID 801593 mail.info] NOQUEUE: <-- EHLO abrap401.dnb.no
Jan 14 01:01:14 amida sendmail[2394]: [ID 801593 mail.info] NOQUEUE: --> 250-mailhost.DnB-Data.DnB.no Hello abrap401.akerbrygge.dnb.no [10.20.16.25], pleased to meet you
Jan 14 01:01:14 amida sendmail[2394]: [ID 801593 mail.info] NOQUEUE: --> 250-8BITMIME
Jan 14 01:01:14 amida sendmail[2394]: [ID 801593 mail.info] NOQUEUE: --> 250-SIZE
Jan 14 01:01:14 amida sendmail[2393]: [ID 801593 mail.info] NOQUEUE: <-- EHLO abrap401.dnb.no
Jan 14 01:01:14 amida sendmail[2394]: [ID 801593 mail.info] NOQUEUE: --> 250-DSN
Jan 14 01:01:14 amida sendmail[2393]: [ID 801593 mail.info] NOQUEUE: --> 250-mailhost.DnB-Data.DnB.no Hello abrap401.akerbrygge.dnb.no [10.20.16.25], pleased to meet you
Jan 14 01:01:14 amida sendmail[2394]: [ID 801593 mail.info] NOQUEUE: --> 250-ONEX
Jan 14 01:01:14 amida sendmail[2394]: [ID 801593 mail.info] NOQUEUE: --> 250-XUSR
Jan 14 01:01:14 amida sendmail[2393]: [ID 801593 mail.info] NOQUEUE: --> 250-8BITMIME
Jan 14 01:01:14 amida sendmail[2394]: [ID 801593 mail.info] NOQUEUE: --> 250 HELP
Jan 14 01:01:14 amida sendmail[2393]: [ID 801593 mail.info] NOQUEUE: --> 250-SIZE
Jan 14 01:01:14 amida sendmail[2393]: [ID 801593 mail.info] NOQUEUE: --> 250-DSN
Jan 14 01:01:14 amida sendmail[2393]: [ID 801593 mail.info] NOQUEUE: --> 250-ONEX
Jan 14 01:01:14 amida sendmail[2393]: [ID 801593 mail.info] NOQUEUE: --> 250-XUSR
Jan 14 01:01:14 amida sendmail[2393]: [ID 801593 mail.info] NOQUEUE: --> 250 HELP
Jan 14 01:01:14 amida sendmail[2393]: [ID 801593 mail.info] NOQUEUE: <-- MAIL FROM:<> SIZE=1994
Jan 14 01:01:14 amida sendmail[2394]: [ID 801593 mail.info] NOQUEUE: <-- MAIL FROM:<> SIZE=4567
Jan 14 01:01:14 amida sendmail[2397]: [ID 702911 mail.info] SMTP connect from abrap401.akerbrygge.dnb.no [10.20.16.25] (10.20.16.25)
Jan 14 01:01:14 amida sendmail[2397]: [ID 801593 mail.info] NOQUEUE: --> 220 mailhost.DnB-Data.DnB.no; ESMTP Mon, 14 Jan 2002 01:01:14 +0100 (MET)
Jan 14 01:01:14 amida sendmail[2395]: [ID 702911 mail.info] SMTP connect from abrap401.akerbrygge.dnb.no [10.20.16.25] (10.20.16.25)
Jan 14 01:01:14 amida sendmail[2395]: [ID 801593 mail.info] NOQUEUE: --> 220 mailhost.DnB-Data.DnB.no; ESMTP Mon, 14 Jan 2002 01:01:14 +0100 (MET)
Jan 14 01:01:14 amida sendmail[2396]: [ID 702911 mail.info] SMTP connect from abrap401.akerbrygge.dnb.no [10.20.16.25] (10.20.16.25)
Jan 14 01:01:14 amida sendmail[2396]: [ID 801593 mail.info] NOQUEUE: --> 220 mailhost.DnB-Data.DnB.no; ESMTP Mon, 14 Jan 2002 01:01:14 +0100 (MET)
Jan 14 01:01:14 amida sendmail[2397]: [ID 801593 mail.info] NOQUEUE: <-- EHLO abrap401.dnb.no
Jan 14 01:01:14 amida sendmail[2397]: [ID 801593 mail.info] NOQUEUE: --> 250-mailhost.DnB-Data.DnB.no Hello abrap401.akerbrygge.dnb.no [10.20.16.25], pleased to meet you
Jan 14 01:01:14 amida sendmail[2397]: [ID 801593 mail.info] NOQUEUE: --> 250-8BITMIME
Jan 14 01:01:14 amida sendmail[2397]: [ID 801593 mail.info] NOQUEUE: --> 250-SIZE
Jan 14 01:01:14 amida sendmail[2397]: [ID 801593 mail.info] NOQUEUE: --> 250-DSN
Jan 14 01:01:14 amida sendmail[2397]: [ID 801593 mail.info] NOQUEUE: --> 250-ONEX
Jan 14 01:01:14 amida sendmail[2397]: [ID 801593 mail.info] NOQUEUE: --> 250-XUSR
Jan 14 01:01:14 amida sendmail[2397]: [ID 801593 mail.info] NOQUEUE: --> 250 HELP
Jan 14 01:01:14 amida sendmail[2395]: [ID 801593 mail.info] NOQUEUE: <-- EHLO abrap401.dnb.no
Jan 14 01:01:14 amida sendmail[2395]: [ID 801593 mail.info] NOQUEUE: --> 250-mailhost.DnB-Data.DnB.no Hello abrap401.akerbrygge.dnb.no [10.20.16.25], pleased to meet you
Jan 14 01:01:14 amida sendmail[2395]: [ID 801593 mail.info] NOQUEUE: --> 250-8BITMIME
Jan 14 01:01:14 amida sendmail[2395]: [ID 801593 mail.info] NOQUEUE: --> 250-SIZE
Jan 14 01:01:14 amida sendmail[2395]: [ID 801593 mail.info] NOQUEUE: --> 250-DSN
Jan 14 01:01:14 amida sendmail[2395]: [ID 801593 mail.info] NOQUEUE: --> 250-ONEX
Jan 14 01:01:14 amida sendmail[2395]: [ID 801593 mail.info] NOQUEUE: --> 250-XUSR
Jan 14 01:01:14 amida sendmail[2395]: [ID 801593 mail.info] NOQUEUE: --> 250 HELP
Jan 14 01:01:14 amida sendmail[2399]: [ID 801593 mail.info] BAA02399: --> 250 <>... Sender ok
Jan 14 01:01:14 amida sendmail[2396]: [ID 801593 mail.info] NOQUEUE: <-- EHLO abrap401.dnb.no
Jan 14 01:01:14 amida sendmail[2396]: [ID 801593 mail.info] NOQUEUE: --> 250-mailhost.DnB-Data.DnB.no Hello abrap401.akerbrygge.dnb.no [10.20.16.25], pleased to meet you
Jan 14 01:01:14 amida sendmail[2396]: [ID 801593 mail.info] NOQUEUE: --> 250-8BITMIME
Jan 14 01:01:14 amida sendmail[2396]: [ID 801593 mail.info] NOQUEUE: --> 250-SIZE
Jan 14 01:01:14 amida sendmail[2396]: [ID 801593 mail.info] NOQUEUE: --> 250-DSN
Jan 14 01:01:14 amida sendmail[2396]: [ID 801593 mail.info] NOQUEUE: --> 250-ONEX
Jan 14 01:01:14 amida sendmail[2397]: [ID 801593 mail.info] NOQUEUE: <-- MAIL FROM:<> SIZE=1988
Jan 14 01:01:14 amida sendmail[2398]: [ID 801593 mail.info] BAA02398: --> 250 <>... Sender ok
Jan 14 01:01:14 amida sendmail[2395]: [ID 801593 mail.info] NOQUEUE: <-- MAIL FROM:<> SIZE=1996
Jan 14 01:01:14 amida sendmail[2396]: [ID 801593 mail.info] NOQUEUE: --> 250-XUSR
Jan 14 01:01:14 amida sendmail[2396]: [ID 801593 mail.info] NOQUEUE: --> 250 HELP
Jan 14 01:01:14 amida sendmail[2399]: [ID 801593 mail.info] BAA02399: <-- RCPT TO:<ab83702@DnB-Data.DnB.no>
Jan 14 01:01:14 amida sendmail[2398]: [ID 801593 mail.info] BAA02398: <-- RCPT TO:<ab83702@DnB-Data.DnB.no>
Jan 14 01:01:14 amida sendmail[2396]: [ID 801593 mail.info] NOQUEUE: <-- MAIL FROM:<> SIZE=1986
Jan 14 01:01:14 amida sendmail[2401]: [ID 801593 mail.info] BAA02401: --> 250 <>... Sender ok
Jan 14 01:01:14 amida sendmail[2401]: [ID 801593 mail.info] BAA02401: <-- RCPT TO:<ab83702@DnB-Data.DnB.no>
Jan 14 01:01:14 amida sendmail[2398]: [ID 801593 mail.info] BAA02398: --> 250 <ab83702@DnB-Data.DnB.no>... Recipient ok
Jan 14 01:01:14 amida sendmail[2402]: [ID 801593 mail.info] BAA02402: --> 250 <>... Sender ok
Jan 14 01:01:14 amida sendmail[2399]: [ID 801593 mail.info] BAA02399: --> 250 <ab83702@DnB-Data.DnB.no>... Recipient ok
Jan 14 01:01:14 amida sendmail[2398]: [ID 801593 mail.info] BAA02398: <-- DATA
Jan 14 01:01:14 amida sendmail[2402]: [ID 801593 mail.info] BAA02402: <-- RCPT TO:<ab83702@DnB-Data.DnB.no>
Jan 14 01:01:14 amida sendmail[2399]: [ID 801593 mail.info] BAA02399: <-- DATA
Jan 14 01:01:14 amida sendmail[2398]: [ID 801593 mail.info] BAA02398: --> 354 Enter mail, end with "." on a line by itself
Jan 14 01:01:14 amida sendmail[2401]: [ID 801593 mail.info] BAA02401: --> 250 <ab83702@DnB-Data.DnB.no>... Recipient ok
Jan 14 01:01:14 amida sendmail[2399]: [ID 801593 mail.info] BAA02399: --> 354 Enter mail, end with "." on a line by itself
Jan 14 01:01:14 amida sendmail[2401]: [ID 801593 mail.info] BAA02401: <-- DATA
Jan 14 01:01:14 amida sendmail[2398]: [ID 801593 mail.info] BAA02398: from=<>, size=1672, class=0, pri=31672, nrcpts=1, msgid=<7919854B09F9624192AF8C7FA71B0A4501034E4D@sdlap401.Sandsli.DnB.no>, proto=ESMTP, relay=abrap401.akerbrygge.dnb.no [10.20.16.25]
Jan 14 01:01:14 amida sendmail[2403]: [ID 801593 mail.info] BAA02403: --> 250 <>... Sender ok
Jan 14 01:01:14 amida sendmail[2399]: [ID 801593 mail.info] BAA02399: from=<>, size=4172, class=0, pri=34172, nrcpts=1, msgid=<7919854B09F9624192AF8C7FA71B0A450100E8CE@sdlap401.Sandsli.DnB.no>, proto=ESMTP, relay=abrap401.akerbrygge.dnb.no [10.20.16.25]
Jan 14 01:01:14 amida sendmail[2402]: [ID 801593 mail.info] BAA02402: --> 250 <ab83702@DnB-Data.DnB.no>... Recipient ok
Jan 14 01:01:14 amida sendmail[2403]: [ID 801593 mail.info] BAA02403: <-- RCPT TO:<ab83702@DnB-Data.DnB.no>
Jan 14 01:01:14 amida sendmail[2398]: [ID 801593 mail.info] BAA02398: --> 250 BAA02398 Message accepted for delivery
Jan 14 01:01:14 amida sendmail[2401]: [ID 801593 mail.info] BAA02401: --> 354 Enter mail, end with "." on a line by itself
Jan 14 01:01:14 amida sendmail[2402]: [ID 801593 mail.info] BAA02402: <-- DATA
Jan 14 01:01:14 amida sendmail[2393]: [ID 801593 mail.info] NOQUEUE: <-- QUIT
Jan 14 01:01:14 amida sendmail[2393]: [ID 801593 mail.info] NOQUEUE: --> 221 mailhost.DnB-Data.DnB.no closing connection
Jan 14 01:01:14 amida sendmail[2402]: [ID 801593 mail.info] BAA02402: --> 354 Enter mail, end with "." on a line by itself
Jan 14 01:01:14 amida sendmail[2399]: [ID 801593 mail.info] BAA02399: --> 250 BAA02399 Message accepted for delivery
Jan 14 01:01:14 amida sendmail[2403]: [ID 801593 mail.info] BAA02403: --> 250 <ab83702@DnB-Data.DnB.no>... Recipient ok
Jan 14 01:01:14 amida sendmail[2401]: [ID 801593 mail.info] BAA02401: from=<>, size=1666, class=0, pri=31666, nrcpts=1, msgid=<7919854B09F9624192AF8C7FA71B0A450100D5E0@sdlap401.Sandsli.DnB.no>, proto=ESMTP, relay=abrap401.akerbrygge.dnb.no [10.20.16.25]
Jan 14 01:01:14 amida sendmail[2404]: [ID 801593 mail.notice] BAA02398: setsender: : invalid or unparseable, received from abrap401.akerbrygge.dnb.no [10.20.16.25]
Jan 14 01:01:14 amida sendmail[2403]: [ID 801593 mail.info] BAA02403: <-- DATA
Jan 14 01:01:14 amida sendmail[2402]: [ID 801593 mail.info] BAA02402: from=<>, size=1674, class=0, pri=31674, nrcpts=1, msgid=<7919854B09F9624192AF8C7FA71B0A45010218C1@sdlap401.Sandsli.DnB.no>, proto=ESMTP, relay=abrap401.akerbrygge.dnb.no [10.20.16.25]
Jan 14 01:01:14 amida sendmail[2404]: [ID 801593 mail.info] BAA02398: forward <ab83702@DnB-Data.DnB.no> => ingeborg.hope@dnb.no
Jan 14 01:01:14 amida sendmail[2394]: [ID 801593 mail.info] NOQUEUE: <-- QUIT
Jan 14 01:01:14 amida sendmail[2394]: [ID 801593 mail.info] NOQUEUE: --> 221 mailhost.DnB-Data.DnB.no closing connection
Jan 14 01:01:14 amida sendmail[2401]: [ID 801593 mail.info] BAA02401: --> 250 BAA02401 Message accepted for delivery
Jan 14 01:01:14 amida sendmail[2403]: [ID 801593 mail.info] BAA02403: --> 354 Enter mail, end with "." on a line by itself
Jan 14 01:01:14 amida sendmail[2402]: [ID 801593 mail.info] BAA02402: --> 250 BAA02402 Message accepted for delivery
Jan 14 01:01:14 amida sendmail[2405]: [ID 801593 mail.notice] BAA02399: setsender: : invalid or unparseable, received from abrap401.akerbrygge.dnb.no [10.20.16.25]
Jan 14 01:01:14 amida sendmail[2405]: [ID 801593 mail.info] BAA02399: forward <ab83702@DnB-Data.DnB.no> => ingeborg.hope@dnb.no
Jan 14 01:01:14 amida sendmail[2407]: [ID 702911 mail.info] SMTP connect from sdlap401.sandsli.dnb.no [10.2.6.25] (10.2.6.25)
Jan 14 01:01:14 amida sendmail[2407]: [ID 801593 mail.info] NOQUEUE: --> 220 mailhost.DnB-Data.DnB.no; ESMTP Mon, 14 Jan 2002 01:01:14 +0100 (MET)
Jan 14 01:01:14 amida sendmail[2407]: [ID 801593 mail.info] NOQUEUE: <-- EHLO sdlap401.Sandsli.DnB.no
Jan 14 01:01:14 amida sendmail[2407]: [ID 801593 mail.info] NOQUEUE: --> 250-mailhost.DnB-Data.DnB.no Hello sdlap401.sandsli.dnb.no [10.2.6.25], pleased to meet you
Jan 14 01:01:14 amida sendmail[2407]: [ID 801593 mail.info] NOQUEUE: --> 250-8BITMIME
Jan 14 01:01:14 amida sendmail[2407]: [ID 801593 mail.info] NOQUEUE: --> 250-SIZE
Jan 14 01:01:14 amida sendmail[2407]: [ID 801593 mail.info] NOQUEUE: --> 250-DSN
Jan 14 01:01:14 amida sendmail[2408]: [ID 702911 mail.info] SMTP connect from sdlap401.sandsli.dnb.no [10.2.6.25] (10.2.6.25)
Jan 14 01:01:14 amida sendmail[2407]: [ID 801593 mail.info] NOQUEUE: --> 250-ONEX
Jan 14 01:01:14 amida sendmail[2407]: [ID 801593 mail.info] NOQUEUE: --> 250-XUSR
Jan 14 01:01:14 amida sendmail[2408]: [ID 801593 mail.info] NOQUEUE: --> 220 mailhost.DnB-Data.DnB.no; ESMTP Mon, 14 Jan 2002 01:01:14 +0100 (MET)
Jan 14 01:01:14 amida sendmail[2407]: [ID 801593 mail.info] NOQUEUE: --> 250 HELP
Jan 14 01:01:15 amida sendmail[2407]: [ID 801593 mail.info] NOQUEUE: <-- MAIL FROM:<> SIZE=14042
Jan 14 01:01:15 amida sendmail[2408]: [ID 801593 mail.info] NOQUEUE: <-- EHLO sdlap401.Sandsli.DnB.no
Jan 14 01:01:15 amida sendmail[2408]: [ID 801593 mail.info] NOQUEUE: --> 250-mailhost.DnB-Data.DnB.no Hello sdlap401.sandsli.dnb.no [10.2.6.25], pleased to meet you
Jan 14 01:01:15 amida sendmail[2408]: [ID 801593 mail.info] NOQUEUE: --> 250-8BITMIME
Jan 14 01:01:15 amida sendmail[2408]: [ID 801593 mail.info] NOQUEUE: --> 250-SIZE
Jan 14 01:01:15 amida sendmail[2408]: [ID 801593 mail.info] NOQUEUE: --> 250-DSN
Jan 14 01:01:15 amida sendmail[2408]: [ID 801593 mail.info] NOQUEUE: --> 250-ONEX
Jan 14 01:01:15 amida sendmail[2408]: [ID 801593 mail.info] NOQUEUE: --> 250-XUSR
Jan 14 01:01:15 amida sendmail[2408]: [ID 801593 mail.info] NOQUEUE: --> 250 HELP
Jan 14 01:01:15 amida sendmail[2403]: [ID 801593 mail.info] BAA02403: from=<>, size=1664, class=0, pri=31664, nrcpts=1, msgid=<7919854B09F9624192AF8C7FA71B0A450103ACAB@sdlap401.Sandsli.DnB.no>, proto=ESMTP, relay=abrap401.akerbrygge.dnb.no [10.20.16.25]
Jan 14 01:01:15 amida sendmail[2408]: [ID 801593 mail.info] NOQUEUE: <-- MAIL FROM:<> SIZE=13984
Jan 14 01:01:15 amida sendmail[2397]: [ID 801593 mail.info] NOQUEUE: <-- QUIT
Jan 14 01:01:15 amida sendmail[2397]: [ID 801593 mail.info] NOQUEUE: --> 221 mailhost.DnB-Data.DnB.no closing connection
Jan 14 01:01:15 amida sendmail[2395]: [ID 801593 mail.info] NOQUEUE: <-- QUIT
Jan 14 01:01:15 amida sendmail[2395]: [ID 801593 mail.info] NOQUEUE: --> 221 mailhost.DnB-Data.DnB.no closing connection
Jan 14 01:01:15 amida sendmail[2403]: [ID 801593 mail.info] BAA02403: --> 250 BAA02403 Message accepted for delivery
Jan 14 01:01:15 amida sendmail[2410]: [ID 801593 mail.notice] BAA02401: setsender: : invalid or unparseable, received from abrap401.akerbrygge.dnb.no [10.20.16.25]
Jan 14 01:01:15 amida sendmail[2410]: [ID 801593 mail.info] BAA02401: forward <ab83702@DnB-Data.DnB.no> => ingeborg.hope@dnb.no
Jan 14 01:01:15 amida sendmail[2412]: [ID 801593 mail.notice] BAA02402: setsender: : invalid or unparseable, received from abrap401.akerbrygge.dnb.no [10.20.16.25]
Jan 14 01:01:15 amida sendmail[2412]: [ID 801593 mail.info] BAA02402: forward <ab83702@DnB-Data.DnB.no> => ingeborg.hope@dnb.no
Jan 14 01:01:15 amida sendmail[2396]: [ID 801593 mail.info] NOQUEUE: <-- QUIT
Jan 14 01:01:15 amida sendmail[2396]: [ID 801593 mail.info] NOQUEUE: --> 221 mailhost.DnB-Data.DnB.no closing connection
Jan 14 01:01:15 amida sendmail[2409]: [ID 801593 mail.info] BAA02409: --> 250 <>... Sender ok
Jan 14 01:01:15 amida sendmail[2409]: [ID 801593 mail.info] BAA02409: <-- RCPT TO:<ab83702@DnB-Data.DnB.no>
Jan 14 01:01:15 amida sendmail[2411]: [ID 801593 mail.info] BAA02411: --> 250 <>... Sender ok
Jan 14 01:01:15 amida sendmail[2411]: [ID 801593 mail.info] BAA02411: <-- RCPT TO:<ab83702@DnB-Data.DnB.no>
Jan 14 01:01:15 amida sendmail[2413]: [ID 801593 mail.notice] BAA02403: setsender: : invalid or unparseable, received from abrap401.akerbrygge.dnb.no [10.20.16.25]
Jan 14 01:01:15 amida sendmail[2409]: [ID 801593 mail.info] BAA02409: --> 250 <ab83702@DnB-Data.DnB.no>... Recipient ok
Jan 14 01:01:15 amida sendmail[2409]: [ID 801593 mail.info] BAA02409: <-- DATA
Jan 14 01:01:15 amida sendmail[2413]: [ID 801593 mail.info] BAA02403: forward <ab83702@DnB-Data.DnB.no> => ingeborg.hope@dnb.no
Jan 14 01:01:15 amida sendmail[2411]: [ID 801593 mail.info] BAA02411: --> 250 <ab83702@DnB-Data.DnB.no>... Recipient ok
Jan 14 01:01:15 amida sendmail[2411]: [ID 801593 mail.info] BAA02411: <-- DATA
Jan 14 01:01:15 amida sendmail[2409]: [ID 801593 mail.info] BAA02409: --> 354 Enter mail, end with "." on a line by itself
Jan 14 01:01:15 amida sendmail[2409]: [ID 801593 mail.info] BAA02409: from=<>, size=13347, class=0, pri=43347, nrcpts=1, msgid=<CD7C9EBC23619B448BE944F42245A01E01920C1B@abrap401.dnb.no>, proto=ESMTP, relay=sdlap401.sandsli.dnb.no [10.2.6.25]
Jan 14 01:01:15 amida sendmail[2404]: [ID 801593 mail.info] BAA02398: to=ingeborg.hope@dnb.no, ctladdr=root (0/1), delay=00:00:01, xdelay=00:00:00, mailer=smtp, relay=smtp.dnb.no. [10.20.16.25], stat=Sent (OK)
