Jan 14 01:01:15 amida sendmail[2405]: [ID 801593 mail.info] BAA02399: to=ingeborg.hope@dnb.no, ctladdr=root (0/1), delay=00:00:01, xdelay=00:00:00, mailer=smtp, relay=smtp.dnb.no. [10.2.6.25], stat=Sent (OK)
Jan 14 01:01:15 amida sendmail[2411]: [ID 801593 mail.info] BAA02411: --> 354 Enter mail, end with "." on a line by itself
Jan 14 01:01:15 amida sendmail[2404]: [ID 801593 mail.info] BAA02398: done
Jan 14 01:01:15 amida sendmail[2411]: [ID 801593 mail.info] BAA02411: from=<>, size=13290, class=0, pri=43290, nrcpts=1, msgid=<CD7C9EBC23619B448BE944F42245A01E0194AE77@abrap401.dnb.no>, proto=ESMTP, relay=sdlap401.sandsli.dnb.no [10.2.6.25]
Jan 14 01:01:15 amida sendmail[2409]: [ID 801593 mail.info] BAA02409: --> 250 BAA02409 Message accepted for delivery
Jan 14 01:01:15 amida sendmail[2410]: [ID 801593 mail.info] BAA02401: to=ingeborg.hope@dnb.no, ctladdr=root (0/1), delay=00:00:01, xdelay=00:00:00, mailer=smtp, relay=smtp.dnb.no. [10.2.6.25], stat=Sent (OK)
Jan 14 01:01:15 amida sendmail[2405]: [ID 801593 mail.info] BAA02399: done
Jan 14 01:01:15 amida sendmail[2407]: [ID 801593 mail.info] NOQUEUE: <-- QUIT
Jan 14 01:01:15 amida sendmail[2407]: [ID 801593 mail.info] NOQUEUE: --> 221 mailhost.DnB-Data.DnB.no closing connection
Jan 14 01:01:15 amida sendmail[2411]: [ID 801593 mail.info] BAA02411: --> 250 BAA02411 Message accepted for delivery
Jan 14 01:01:15 amida sendmail[2410]: [ID 801593 mail.info] BAA02401: done
Jan 14 01:01:15 amida sendmail[2412]: [ID 801593 mail.info] BAA02402: to=ingeborg.hope@dnb.no, ctladdr=root (0/1), delay=00:00:01, xdelay=00:00:00, mailer=smtp, relay=smtp.dnb.no. [10.20.16.25], stat=Sent (OK)
Jan 14 01:01:15 amida sendmail[2418]: [ID 801593 mail.notice] BAA02409: setsender: : invalid or unparseable, received from sdlap401.sandsli.dnb.no [10.2.6.25]
Jan 14 01:01:15 amida sendmail[2418]: [ID 801593 mail.info] BAA02409: forward <ab83702@DnB-Data.DnB.no> => ingeborg.hope@dnb.no
Jan 14 01:01:15 amida sendmail[2408]: [ID 801593 mail.info] NOQUEUE: <-- QUIT
Jan 14 01:01:15 amida sendmail[2408]: [ID 801593 mail.info] NOQUEUE: --> 221 mailhost.DnB-Data.DnB.no closing connection
Jan 14 01:01:15 amida sendmail[2412]: [ID 801593 mail.info] BAA02402: done
Jan 14 01:01:15 amida sendmail[2424]: [ID 801593 mail.notice] BAA02411: setsender: : invalid or unparseable, received from sdlap401.sandsli.dnb.no [10.2.6.25]
Jan 14 01:01:15 amida sendmail[2424]: [ID 801593 mail.info] BAA02411: forward <ab83702@DnB-Data.DnB.no> => ingeborg.hope@dnb.no
Jan 14 01:01:15 amida sendmail[2413]: [ID 801593 mail.info] BAA02403: to=ingeborg.hope@dnb.no, ctladdr=root (0/1), delay=00:00:01, xdelay=00:00:00, mailer=smtp, relay=smtp.dnb.no. [10.2.6.25], stat=Sent (OK)
Jan 14 01:01:15 amida sendmail[2413]: [ID 801593 mail.info] BAA02403: done
Jan 14 01:01:16 amida sendmail[2424]: [ID 801593 mail.info] BAA02411: to=ingeborg.hope@dnb.no, ctladdr=root (0/1), delay=00:00:01, xdelay=00:00:01, mailer=smtp, relay=smtp.dnb.no. [10.20.16.25], stat=Sent (OK)
Jan 14 01:01:16 amida sendmail[2424]: [ID 801593 mail.info] BAA02411: done
Jan 14 01:01:16 amida sendmail[2418]: [ID 801593 mail.info] BAA02409: to=ingeborg.hope@dnb.no, ctladdr=root (0/1), delay=00:00:01, xdelay=00:00:01, mailer=smtp, relay=smtp.dnb.no. [10.2.6.25], stat=Sent (OK)
Jan 14 01:01:16 amida sendmail[2418]: [ID 801593 mail.info] BAA02409: done
Jan 14 01:01:18 amida sendmail[2447]: [ID 702911 mail.info] SMTP connect from sdlap401.sandsli.dnb.no [10.2.6.25] (10.2.6.25)
Jan 14 01:01:18 amida sendmail[2447]: [ID 801593 mail.info] NOQUEUE: --> 220 mailhost.DnB-Data.DnB.no; ESMTP Mon, 14 Jan 2002 01:01:18 +0100 (MET)
Jan 14 01:01:18 amida sendmail[2447]: [ID 801593 mail.info] NOQUEUE: <-- EHLO sdlap401.Sandsli.DnB.no
Jan 14 01:01:18 amida sendmail[2447]: [ID 801593 mail.info] NOQUEUE: --> 250-mailhost.DnB-Data.DnB.no Hello sdlap401.sandsli.dnb.no [10.2.6.25], pleased to meet you
Jan 14 01:01:18 amida sendmail[2447]: [ID 801593 mail.info] NOQUEUE: --> 250-8BITMIME
Jan 14 01:01:18 amida sendmail[2447]: [ID 801593 mail.info] NOQUEUE: --> 250-SIZE
Jan 14 01:01:18 amida sendmail[2447]: [ID 801593 mail.info] NOQUEUE: --> 250-DSN
Jan 14 01:01:18 amida sendmail[2447]: [ID 801593 mail.info] NOQUEUE: --> 250-ONEX
Jan 14 01:01:18 amida sendmail[2447]: [ID 801593 mail.info] NOQUEUE: --> 250-XUSR
Jan 14 01:01:18 amida sendmail[2447]: [ID 801593 mail.info] NOQUEUE: --> 250 HELP
Jan 14 01:01:18 amida sendmail[2447]: [ID 801593 mail.info] NOQUEUE: <-- MAIL FROM:<> SIZE=13988
Jan 14 01:01:18 amida sendmail[2449]: [ID 702911 mail.info] SMTP connect from sdlap401.sandsli.dnb.no [10.2.6.25] (10.2.6.25)
Jan 14 01:01:18 amida sendmail[2449]: [ID 801593 mail.info] NOQUEUE: --> 220 mailhost.DnB-Data.DnB.no; ESMTP Mon, 14 Jan 2002 01:01:18 +0100 (MET)
Jan 14 01:01:18 amida sendmail[2450]: [ID 702911 mail.info] SMTP connect from sdlap401.sandsli.dnb.no [10.2.6.25] (10.2.6.25)
Jan 14 01:01:18 amida sendmail[2450]: [ID 801593 mail.info] NOQUEUE: --> 220 mailhost.DnB-Data.DnB.no; ESMTP Mon, 14 Jan 2002 01:01:18 +0100 (MET)
Jan 14 01:01:18 amida sendmail[2449]: [ID 801593 mail.info] NOQUEUE: <-- EHLO sdlap401.Sandsli.DnB.no
Jan 14 01:01:18 amida sendmail[2449]: [ID 801593 mail.info] NOQUEUE: --> 250-mailhost.DnB-Data.DnB.no Hello sdlap401.sandsli.dnb.no [10.2.6.25], pleased to meet you
Jan 14 01:01:18 amida sendmail[2449]: [ID 801593 mail.info] NOQUEUE: --> 250-8BITMIME
Jan 14 01:01:18 amida sendmail[2448]: [ID 702911 mail.info] SMTP connect from sdlap401.sandsli.dnb.no [10.2.6.25] (10.2.6.25)
Jan 14 01:01:18 amida sendmail[2449]: [ID 801593 mail.info] NOQUEUE: --> 250-SIZE
Jan 14 01:01:18 amida sendmail[2449]: [ID 801593 mail.info] NOQUEUE: --> 250-DSN
Jan 14 01:01:18 amida sendmail[2449]: [ID 801593 mail.info] NOQUEUE: --> 250-ONEX
Jan 14 01:01:18 amida sendmail[2449]: [ID 801593 mail.info] NOQUEUE: --> 250-XUSR
Jan 14 01:01:18 amida sendmail[2449]: [ID 801593 mail.info] NOQUEUE: --> 250 HELP
Jan 14 01:01:18 amida sendmail[2450]: [ID 801593 mail.info] NOQUEUE: <-- EHLO sdlap401.Sandsli.DnB.no
Jan 14 01:01:18 amida sendmail[2450]: [ID 801593 mail.info] NOQUEUE: --> 250-mailhost.DnB-Data.DnB.no Hello sdlap401.sandsli.dnb.no [10.2.6.25], pleased to meet you
Jan 14 01:01:18 amida sendmail[2448]: [ID 801593 mail.info] NOQUEUE: --> 220 mailhost.DnB-Data.DnB.no; ESMTP Mon, 14 Jan 2002 01:01:18 +0100 (MET)
Jan 14 01:01:18 amida sendmail[2450]: [ID 801593 mail.info] NOQUEUE: --> 250-8BITMIME
Jan 14 01:01:18 amida sendmail[2448]: [ID 801593 mail.info] NOQUEUE: <-- EHLO sdlap401.Sandsli.DnB.no
Jan 14 01:01:18 amida sendmail[2450]: [ID 801593 mail.info] NOQUEUE: --> 250-SIZE
Jan 14 01:01:18 amida sendmail[2448]: [ID 801593 mail.info] NOQUEUE: --> 250-mailhost.DnB-Data.DnB.no Hello sdlap401.sandsli.dnb.no [10.2.6.25], pleased to meet you
Jan 14 01:01:18 amida sendmail[2448]: [ID 801593 mail.info] NOQUEUE: --> 250-8BITMIME
Jan 14 01:01:18 amida sendmail[2448]: [ID 801593 mail.info] NOQUEUE: --> 250-SIZE
Jan 14 01:01:18 amida sendmail[2448]: [ID 801593 mail.info] NOQUEUE: --> 250-DSN
Jan 14 01:01:18 amida sendmail[2448]: [ID 801593 mail.info] NOQUEUE: --> 250-ONEX
Jan 14 01:01:18 amida sendmail[2450]: [ID 801593 mail.info] NOQUEUE: --> 250-DSN
Jan 14 01:01:18 amida sendmail[2448]: [ID 801593 mail.info] NOQUEUE: --> 250-XUSR
Jan 14 01:01:18 amida sendmail[2448]: [ID 801593 mail.info] NOQUEUE: --> 250 HELP
Jan 14 01:01:18 amida sendmail[2450]: [ID 801593 mail.info] NOQUEUE: --> 250-ONEX
Jan 14 01:01:18 amida sendmail[2449]: [ID 801593 mail.info] NOQUEUE: <-- MAIL FROM:<> SIZE=13972
Jan 14 01:01:18 amida sendmail[2450]: [ID 801593 mail.info] NOQUEUE: --> 250-XUSR
Jan 14 01:01:18 amida sendmail[2450]: [ID 801593 mail.info] NOQUEUE: --> 250 HELP
Jan 14 01:01:18 amida sendmail[2448]: [ID 801593 mail.info] NOQUEUE: <-- MAIL FROM:<> SIZE=13988
Jan 14 01:01:18 amida sendmail[2450]: [ID 801593 mail.info] NOQUEUE: <-- MAIL FROM:<> SIZE=13972
Jan 14 01:01:18 amida sendmail[2451]: [ID 702911 mail.info] SMTP connect from sdlap401.sandsli.dnb.no [10.2.6.25] (10.2.6.25)
Jan 14 01:01:18 amida sendmail[2451]: [ID 801593 mail.info] NOQUEUE: --> 220 mailhost.DnB-Data.DnB.no; ESMTP Mon, 14 Jan 2002 01:01:18 +0100 (MET)
Jan 14 01:01:18 amida sendmail[2451]: [ID 801593 mail.info] NOQUEUE: <-- EHLO sdlap401.Sandsli.DnB.no
Jan 14 01:01:18 amida sendmail[2451]: [ID 801593 mail.info] NOQUEUE: --> 250-mailhost.DnB-Data.DnB.no Hello sdlap401.sandsli.dnb.no [10.2.6.25], pleased to meet you
Jan 14 01:01:18 amida sendmail[2451]: [ID 801593 mail.info] NOQUEUE: --> 250-8BITMIME
Jan 14 01:01:18 amida sendmail[2451]: [ID 801593 mail.info] NOQUEUE: --> 250-SIZE
Jan 14 01:01:18 amida sendmail[2451]: [ID 801593 mail.info] NOQUEUE: --> 250-DSN
Jan 14 01:01:18 amida sendmail[2451]: [ID 801593 mail.info] NOQUEUE: --> 250-ONEX
Jan 14 01:01:18 amida sendmail[2451]: [ID 801593 mail.info] NOQUEUE: --> 250-XUSR
Jan 14 01:01:18 amida sendmail[2451]: [ID 801593 mail.info] NOQUEUE: --> 250 HELP
Jan 14 01:01:18 amida sendmail[2451]: [ID 801593 mail.info] NOQUEUE: <-- MAIL FROM:<> SIZE=14016
Jan 14 01:01:18 amida sendmail[2452]: [ID 702911 mail.info] SMTP connect from sdlap401.sandsli.dnb.no [10.2.6.25] (10.2.6.25)
Jan 14 01:01:18 amida sendmail[2452]: [ID 801593 mail.info] NOQUEUE: --> 220 mailhost.DnB-Data.DnB.no; ESMTP Mon, 14 Jan 2002 01:01:18 +0100 (MET)
Jan 14 01:01:18 amida sendmail[2452]: [ID 801593 mail.info] NOQUEUE: <-- EHLO sdlap401.Sandsli.DnB.no
Jan 14 01:01:18 amida sendmail[2452]: [ID 801593 mail.info] NOQUEUE: --> 250-mailhost.DnB-Data.DnB.no Hello sdlap401.sandsli.dnb.no [10.2.6.25], pleased to meet you
Jan 14 01:01:18 amida sendmail[2452]: [ID 801593 mail.info] NOQUEUE: --> 250-8BITMIME
Jan 14 01:01:18 amida sendmail[2452]: [ID 801593 mail.info] NOQUEUE: --> 250-SIZE
Jan 14 01:01:18 amida sendmail[2452]: [ID 801593 mail.info] NOQUEUE: --> 250-DSN
Jan 14 01:01:18 amida sendmail[2452]: [ID 801593 mail.info] NOQUEUE: --> 250-ONEX
Jan 14 01:01:18 amida sendmail[2452]: [ID 801593 mail.info] NOQUEUE: --> 250-XUSR
Jan 14 01:01:18 amida sendmail[2452]: [ID 801593 mail.info] NOQUEUE: --> 250 HELP
Jan 14 01:01:18 amida sendmail[2452]: [ID 801593 mail.info] NOQUEUE: <-- MAIL FROM:<> SIZE=14008
Jan 14 01:01:18 amida sendmail[2453]: [ID 801593 mail.info] BAA02453: --> 250 <>... Sender ok
Jan 14 01:01:18 amida sendmail[2453]: [ID 801593 mail.info] BAA02453: <-- RCPT TO:<ab83702@DnB-Data.DnB.no>
Jan 14 01:01:18 amida sendmail[2455]: [ID 801593 mail.info] BAA02455: --> 250 <>... Sender ok
Jan 14 01:01:18 amida sendmail[2455]: [ID 801593 mail.info] BAA02455: <-- RCPT TO:<ab83702@DnB-Data.DnB.no>
Jan 14 01:01:18 amida sendmail[2456]: [ID 801593 mail.info] BAA02456: --> 250 <>... Sender ok
Jan 14 01:01:18 amida sendmail[2456]: [ID 801593 mail.info] BAA02456: <-- RCPT TO:<ab83702@DnB-Data.DnB.no>
Jan 14 01:01:18 amida sendmail[2453]: [ID 801593 mail.info] BAA02453: --> 250 <ab83702@DnB-Data.DnB.no>... Recipient ok
Jan 14 01:01:18 amida sendmail[2453]: [ID 801593 mail.info] BAA02453: <-- DATA
Jan 14 01:01:18 amida sendmail[2453]: [ID 801593 mail.info] BAA02453: --> 354 Enter mail, end with "." on a line by itself
Jan 14 01:01:18 amida sendmail[2455]: [ID 801593 mail.info] BAA02455: --> 250 <ab83702@DnB-Data.DnB.no>... Recipient ok
Jan 14 01:01:18 amida sendmail[2455]: [ID 801593 mail.info] BAA02455: <-- DATA
Jan 14 01:01:18 amida sendmail[2456]: [ID 801593 mail.info] BAA02456: --> 250 <ab83702@DnB-Data.DnB.no>... Recipient ok
Jan 14 01:01:18 amida sendmail[2456]: [ID 801593 mail.info] BAA02456: <-- DATA
Jan 14 01:01:18 amida sendmail[2453]: [ID 801593 mail.info] BAA02453: from=<>, size=13294, class=0, pri=43294, nrcpts=1, msgid=<CD7C9EBC23619B448BE944F42245A01E01911905@abrap401.dnb.no>, proto=ESMTP, relay=sdlap401.sandsli.dnb.no [10.2.6.25]
Jan 14 01:01:18 amida sendmail[2454]: [ID 801593 mail.info] BAA02454: --> 250 <>... Sender ok
Jan 14 01:01:18 amida sendmail[2454]: [ID 801593 mail.info] BAA02454: <-- RCPT TO:<ab83702@DnB-Data.DnB.no>
Jan 14 01:01:18 amida sendmail[2457]: [ID 801593 mail.info] BAA02457: --> 250 <>... Sender ok
Jan 14 01:01:18 amida sendmail[2457]: [ID 801593 mail.info] BAA02457: <-- RCPT TO:<ab83702@DnB-Data.DnB.no>
Jan 14 01:01:18 amida sendmail[2453]: [ID 801593 mail.info] BAA02453: --> 250 BAA02453 Message accepted for delivery
Jan 14 01:01:18 amida sendmail[2458]: [ID 801593 mail.info] BAA02458: --> 250 <>... Sender ok
Jan 14 01:01:18 amida sendmail[2458]: [ID 801593 mail.info] BAA02458: <-- RCPT TO:<ab83702@DnB-Data.DnB.no>
Jan 14 01:01:18 amida sendmail[2456]: [ID 801593 mail.info] BAA02456: --> 354 Enter mail, end with "." on a line by itself
Jan 14 01:01:18 amida sendmail[2447]: [ID 801593 mail.info] NOQUEUE: <-- QUIT
Jan 14 01:01:18 amida sendmail[2447]: [ID 801593 mail.info] NOQUEUE: --> 221 mailhost.DnB-Data.DnB.no closing connection
Jan 14 01:01:18 amida sendmail[2454]: [ID 801593 mail.info] BAA02454: --> 250 <ab83702@DnB-Data.DnB.no>... Recipient ok
Jan 14 01:01:18 amida sendmail[2455]: [ID 801593 mail.info] BAA02455: --> 354 Enter mail, end with "." on a line by itself
Jan 14 01:01:18 amida sendmail[2454]: [ID 801593 mail.info] BAA02454: <-- DATA
Jan 14 01:01:18 amida sendmail[2457]: [ID 801593 mail.info] BAA02457: --> 250 <ab83702@DnB-Data.DnB.no>... Recipient ok
Jan 14 01:01:18 amida sendmail[2457]: [ID 801593 mail.info] BAA02457: <-- DATA
Jan 14 01:01:18 amida sendmail[2456]: [ID 801593 mail.info] BAA02456: from=<>, size=13278, class=0, pri=43278, nrcpts=1, msgid=<CD7C9EBC23619B448BE944F42245A01E019515E3@abrap401.dnb.no>, proto=ESMTP, relay=sdlap401.sandsli.dnb.no [10.2.6.25]
Jan 14 01:01:18 amida sendmail[2460]: [ID 801593 mail.notice] BAA02453: setsender: : invalid or unparseable, received from sdlap401.sandsli.dnb.no [10.2.6.25]
Jan 14 01:01:18 amida sendmail[2458]: [ID 801593 mail.info] BAA02458: --> 250 <ab83702@DnB-Data.DnB.no>... Recipient ok
Jan 14 01:01:18 amida sendmail[2458]: [ID 801593 mail.info] BAA02458: <-- DATA
Jan 14 01:01:18 amida sendmail[2460]: [ID 801593 mail.info] BAA02453: forward <ab83702@DnB-Data.DnB.no> => ingeborg.hope@dnb.no
Jan 14 01:01:18 amida sendmail[2457]: [ID 801593 mail.info] BAA02457: --> 354 Enter mail, end with "." on a line by itself
Jan 14 01:01:18 amida sendmail[2455]: [ID 801593 mail.info] BAA02455: from=<>, size=13294, class=0, pri=43294, nrcpts=1, msgid=<CD7C9EBC23619B448BE944F42245A01E01911906@abrap401.dnb.no>, proto=ESMTP, relay=sdlap401.sandsli.dnb.no [10.2.6.25]
Jan 14 01:01:18 amida sendmail[2456]: [ID 801593 mail.info] BAA02456: --> 250 BAA02456 Message accepted for delivery
Jan 14 01:01:18 amida sendmail[2454]: [ID 801593 mail.info] BAA02454: --> 354 Enter mail, end with "." on a line by itself
Jan 14 01:01:18 amida sendmail[2457]: [ID 801593 mail.info] BAA02457: from=<>, size=13322, class=0, pri=43322, nrcpts=1, msgid=<CD7C9EBC23619B448BE944F42245A01E01933D3A@abrap401.dnb.no>, proto=ESMTP, relay=sdlap401.sandsli.dnb.no [10.2.6.25]
Jan 14 01:01:18 amida sendmail[2458]: [ID 801593 mail.info] BAA02458: --> 354 Enter mail, end with "." on a line by itself
Jan 14 01:01:18 amida sendmail[2454]: [ID 801593 mail.info] BAA02454: from=<>, size=13278, class=0, pri=43278, nrcpts=1, msgid=<CD7C9EBC23619B448BE944F42245A01E01922356@abrap401.dnb.no>, proto=ESMTP, relay=sdlap401.sandsli.dnb.no [10.2.6.25]
Jan 14 01:01:18 amida sendmail[2458]: [ID 801593 mail.info] BAA02458: from=<>, size=13314, class=0, pri=43314, nrcpts=1, msgid=<CD7C9EBC23619B448BE944F42245A01E0191D5EE@abrap401.dnb.no>, proto=ESMTP, relay=sdlap401.sandsli.dnb.no [10.2.6.25]
Jan 14 01:01:18 amida sendmail[2450]: [ID 801593 mail.info] NOQUEUE: <-- QUIT
Jan 14 01:01:18 amida sendmail[2450]: [ID 801593 mail.info] NOQUEUE: --> 221 mailhost.DnB-Data.DnB.no closing connection
Jan 14 01:01:18 amida sendmail[2455]: [ID 801593 mail.info] BAA02455: --> 250 BAA02455 Message accepted for delivery
Jan 14 01:01:18 amida sendmail[2461]: [ID 801593 mail.notice] BAA02456: setsender: : invalid or unparseable, received from sdlap401.sandsli.dnb.no [10.2.6.25]
Jan 14 01:01:18 amida sendmail[2457]: [ID 801593 mail.info] BAA02457: --> 250 BAA02457 Message accepted for delivery
Jan 14 01:01:18 amida sendmail[2454]: [ID 801593 mail.info] BAA02454: --> 250 BAA02454 Message accepted for delivery
Jan 14 01:01:18 amida sendmail[2458]: [ID 801593 mail.info] BAA02458: --> 250 BAA02458 Message accepted for delivery
Jan 14 01:01:18 amida sendmail[2448]: [ID 801593 mail.info] NOQUEUE: <-- QUIT
Jan 14 01:01:18 amida sendmail[2448]: [ID 801593 mail.info] NOQUEUE: --> 221 mailhost.DnB-Data.DnB.no closing connection
Jan 14 01:01:18 amida sendmail[2451]: [ID 801593 mail.info] NOQUEUE: <-- QUIT
Jan 14 01:01:18 amida sendmail[2451]: [ID 801593 mail.info] NOQUEUE: --> 221 mailhost.DnB-Data.DnB.no closing connection
Jan 14 01:01:18 amida sendmail[2461]: [ID 801593 mail.info] BAA02456: forward <ab83702@DnB-Data.DnB.no> => ingeborg.hope@dnb.no
Jan 14 01:01:18 amida sendmail[2449]: [ID 801593 mail.info] NOQUEUE: <-- QUIT
Jan 14 01:01:18 amida sendmail[2449]: [ID 801593 mail.info] NOQUEUE: --> 221 mailhost.DnB-Data.DnB.no closing connection
Jan 14 01:01:18 amida sendmail[2452]: [ID 801593 mail.info] NOQUEUE: <-- QUIT
Jan 14 01:01:18 amida sendmail[2452]: [ID 801593 mail.info] NOQUEUE: --> 221 mailhost.DnB-Data.DnB.no closing connection
Jan 14 01:01:18 amida sendmail[2462]: [ID 801593 mail.notice] BAA02455: setsender: : invalid or unparseable, received from sdlap401.sandsli.dnb.no [10.2.6.25]
Jan 14 01:01:18 amida sendmail[2463]: [ID 801593 mail.notice] BAA02457: setsender: : invalid or unparseable, received from sdlap401.sandsli.dnb.no [10.2.6.25]
Jan 14 01:01:18 amida sendmail[2462]: [ID 801593 mail.info] BAA02455: forward <ab83702@DnB-Data.DnB.no> => ingeborg.hope@dnb.no
Jan 14 01:01:18 amida sendmail[2463]: [ID 801593 mail.info] BAA02457: forward <ab83702@DnB-Data.DnB.no> => ingeborg.hope@dnb.no
Jan 14 01:01:18 amida sendmail[2464]: [ID 801593 mail.notice] BAA02454: setsender: : invalid or unparseable, received from sdlap401.sandsli.dnb.no [10.2.6.25]
Jan 14 01:01:18 amida sendmail[2464]: [ID 801593 mail.info] BAA02454: forward <ab83702@DnB-Data.DnB.no> => ingeborg.hope@dnb.no
Jan 14 01:01:18 amida sendmail[2465]: [ID 801593 mail.notice] BAA02458: setsender: : invalid or unparseable, received from sdlap401.sandsli.dnb.no [10.2.6.25]
Jan 14 01:01:18 amida sendmail[2465]: [ID 801593 mail.info] BAA02458: forward <ab83702@DnB-Data.DnB.no> => ingeborg.hope@dnb.no
Jan 14 01:01:18 amida sendmail[2460]: [ID 801593 mail.info] BAA02453: to=ingeborg.hope@dnb.no, ctladdr=root (0/1), delay=00:00:00, xdelay=00:00:00, mailer=smtp, relay=smtp.dnb.no. [10.20.16.25], stat=Sent (OK)
Jan 14 01:01:18 amida sendmail[2461]: [ID 801593 mail.info] BAA02456: to=ingeborg.hope@dnb.no, ctladdr=root (0/1), delay=00:00:00, xdelay=00:00:00, mailer=smtp, relay=smtp.dnb.no. [10.2.6.25], stat=Sent (OK)
Jan 14 01:01:18 amida sendmail[2460]: [ID 801593 mail.info] BAA02453: done
Jan 14 01:01:18 amida sendmail[2461]: [ID 801593 mail.info] BAA02456: done
Jan 14 01:01:18 amida sendmail[2463]: [ID 801593 mail.info] BAA02457: to=ingeborg.hope@dnb.no, ctladdr=root (0/1), delay=00:00:00, xdelay=00:00:00, mailer=smtp, relay=smtp.dnb.no. [10.2.6.25], stat=Sent (OK)
Jan 14 01:01:18 amida sendmail[2463]: [ID 801593 mail.info] BAA02457: done
Jan 14 01:01:19 amida sendmail[2462]: [ID 801593 mail.info] BAA02455: to=ingeborg.hope@dnb.no, ctladdr=root (0/1), delay=00:00:01, xdelay=00:00:01, mailer=smtp, relay=smtp.dnb.no. [10.20.16.25], stat=Sent (OK)
Jan 14 01:01:19 amida sendmail[2465]: [ID 801593 mail.info] BAA02458: to=ingeborg.hope@dnb.no, ctladdr=root (0/1), delay=00:00:01, xdelay=00:00:01, mailer=smtp, relay=smtp.dnb.no. [10.2.6.25], stat=Sent (OK)
Jan 14 01:01:19 amida sendmail[2462]: [ID 801593 mail.info] BAA02455: done
Jan 14 01:01:19 amida sendmail[2465]: [ID 801593 mail.info] BAA02458: done
Jan 14 01:01:19 amida sendmail[2464]: [ID 801593 mail.info] BAA02454: to=ingeborg.hope@dnb.no, ctladdr=root (0/1), delay=00:00:01, xdelay=00:00:01, mailer=smtp, relay=smtp.dnb.no. [10.20.16.25], stat=Sent (OK)
Jan 14 01:01:19 amida sendmail[2464]: [ID 801593 mail.info] BAA02454: done
Jan 14 01:04:36 amida sendmail[3137]: [ID 801593 mail.info] BAA03137: from=ARSystem, size=1367, class=0, pri=31367, nrcpts=1, msgid=<200201140004.BAA03137@mailhost.DnB-Data.DnB.no>, relay=root@localhost
Jan 14 01:04:37 amida sendmail[3139]: [ID 801593 mail.info] BAA03137: to=hogne.anker.dahl@dnb.no, ctladdr=ARSystem (10105/1500), delay=00:00:01, xdelay=00:00:01, mailer=smtp, relay=smtp.dnb.no. [10.20.16.25], stat=Sent (OK)
Jan 14 01:04:37 amida sendmail[3139]: [ID 801593 mail.info] BAA03137: done
Jan 14 01:05:01 amida sendmail[3317]: [ID 702911 mail.info] SMTP connect from ame-fe0 [10.2.4.65] (10.2.4.65)
Jan 14 01:05:01 amida sendmail[3317]: [ID 801593 mail.info] NOQUEUE: --> 220 mailhost.DnB-Data.DnB.no; ESMTP Mon, 14 Jan 2002 01:05:01 +0100 (MET)
Jan 14 01:05:01 amida sendmail[3317]: [ID 801593 mail.info] NOQUEUE: <-- EHLO ame.sandsli.dnb.no
Jan 14 01:05:01 amida sendmail[3317]: [ID 801593 mail.info] NOQUEUE: --> 250-mailhost.DnB-Data.DnB.no Hello ame-fe0 [10.2.4.65], pleased to meet you
Jan 14 01:05:01 amida sendmail[3317]: [ID 801593 mail.info] NOQUEUE: --> 250-8BITMIME
Jan 14 01:05:01 amida sendmail[3317]: [ID 801593 mail.info] NOQUEUE: --> 250-SIZE
Jan 14 01:05:01 amida sendmail[3317]: [ID 801593 mail.info] NOQUEUE: --> 250-DSN
Jan 14 01:05:01 amida sendmail[3317]: [ID 801593 mail.info] NOQUEUE: --> 250-ONEX
Jan 14 01:05:01 amida sendmail[3317]: [ID 801593 mail.info] NOQUEUE: --> 250-XUSR
Jan 14 01:05:01 amida sendmail[3317]: [ID 801593 mail.info] NOQUEUE: --> 250 HELP
Jan 14 01:05:01 amida sendmail[3317]: [ID 801593 mail.info] NOQUEUE: <-- MAIL From:<root@mailhost.sandsli.dnb.no> SIZE=113
Jan 14 01:05:01 amida sendmail[3322]: [ID 801593 mail.info] BAA03322: --> 250 <root@mailhost.sandsli.dnb.no>... Sender ok
Jan 14 01:05:01 amida sendmail[3322]: [ID 801593 mail.info] BAA03322: <-- RCPT To:<root@mailhost.sandsli.dnb.no>
Jan 14 01:05:01 amida sendmail[3322]: [ID 801593 mail.info] BAA03322: --> 250 <root@mailhost.sandsli.dnb.no>... Recipient ok
Jan 14 01:05:01 amida sendmail[3322]: [ID 801593 mail.info] BAA03322: <-- RCPT To:<adm@mailhost.sandsli.dnb.no>
Jan 14 01:05:01 amida sendmail[3322]: [ID 801593 mail.info] BAA03322: --> 250 <adm@mailhost.sandsli.dnb.no>... Recipient ok
Jan 14 01:05:01 amida sendmail[3322]: [ID 801593 mail.info] BAA03322: <-- DATA
Jan 14 01:05:01 amida sendmail[3322]: [ID 801593 mail.info] BAA03322: --> 354 Enter mail, end with "." on a line by itself
Jan 14 01:05:01 amida sendmail[3322]: [ID 801593 mail.info] BAA03322: from=<root@mailhost.sandsli.dnb.no>, size=401, class=0, pri=60401, nrcpts=2, msgid=<200201140005.BAA20519@ame.sandsli.dnb.no>, proto=ESMTP, relay=ame-fe0 [10.2.4.65]
Jan 14 01:05:01 amida sendmail[3322]: [ID 801593 mail.info] BAA03322: --> 250 BAA03322 Message accepted for delivery
Jan 14 01:05:01 amida sendmail[3317]: [ID 801593 mail.info] NOQUEUE: <-- QUIT
Jan 14 01:05:01 amida sendmail[3317]: [ID 801593 mail.info] NOQUEUE: --> 221 mailhost.DnB-Data.DnB.no closing connection
Jan 14 01:05:01 amida sendmail[3350]: [ID 801593 mail.info] BAA03322: alias <root@mailhost.sandsli.dnb.no> => sysadm
Jan 14 01:05:01 amida sendmail[3350]: [ID 801593 mail.info] BAA03322: alias sysadm => :include:/dnb/share/etc/aliases.sysadm
Jan 14 01:05:01 amida sendmail[3350]: [ID 801593 mail.info] BAA03322: alias Adne.Hestenes => adne
Jan 14 01:05:01 amida sendmail[3350]: [ID 801593 mail.info] BAA03322: alias adne => Adne.Hestenes
Jan 14 01:05:01 amida sendmail[3350]: [ID 801593 mail.info] BAA03322: alias Bjorn.Faye => Bjorn.Faye@DnB.no
Jan 14 01:05:01 amida sendmail[3350]: [ID 801593 mail.info] BAA03322: alias Jon.Trygve.Utne => Jon-Trygve.Utne
Jan 14 01:05:01 amida sendmail[3350]: [ID 801593 mail.info] BAA03322: alias Jon-Trygve.Utne => ab27157
Jan 14 01:05:01 amida sendmail[3350]: [ID 801593 mail.info] BAA03322: alias Jan.Thomas.Moldung => ab83600
Jan 14 01:05:01 amida sendmail[3350]: [ID 801593 mail.info] BAA03322: alias Geir.Olsen => Geir.Olsen@DnB.no
Jan 14 01:05:01 amida sendmail[3350]: [ID 801593 mail.info] BAA03322: alias Oyvind.Hope => ab32681
Jan 14 01:05:01 niwa sendmail[10579]: [ID 801593 mail.warning] BAA10579: forward /var/adm/.forward.niwa+: Group writable directory
Jan 14 01:05:01 niwa sendmail[10579]: [ID 801593 mail.warning] BAA10579: forward /var/adm/.forward+: Group writable directory
Jan 14 01:05:01 niwa sendmail[10579]: [ID 801593 mail.warning] BAA10579: forward /var/adm/.forward.niwa: Group writable directory
Jan 14 01:05:01 niwa sendmail[10579]: [ID 801593 mail.warning] BAA10579: forward /var/adm/.forward: Group writable directory
Jan 14 01:05:02 amida sendmail[3397]: [ID 702911 mail.info] SMTP connect from kumo-fe0 [10.2.4.64] (10.2.4.64)
Jan 14 01:05:02 amida sendmail[3350]: [ID 801593 mail.info] BAA03322: forward ab32681 => "| IFS=' '; /dnb/local/bin/procmail -Ytf '-'"
Jan 14 01:05:02 amida sendmail[3397]: [ID 801593 mail.info] NOQUEUE: --> 220 mailhost.DnB-Data.DnB.no; ESMTP Mon, 14 Jan 2002 01:05:02 +0100 (MET)
Jan 14 01:05:02 amida sendmail[3397]: [ID 801593 mail.info] NOQUEUE: <-- EHLO kumo-fe0.sandsli.dnb.no
Jan 14 01:05:02 amida sendmail[3350]: [ID 801593 mail.info] BAA03322: alias <adm@mailhost.sandsli.dnb.no> => sysadm
Jan 14 01:05:02 amida sendmail[3397]: [ID 801593 mail.info] NOQUEUE: --> 250-mailhost.DnB-Data.DnB.no Hello kumo-fe0 [10.2.4.64], pleased to meet you
Jan 14 01:05:02 amida sendmail[3397]: [ID 801593 mail.info] NOQUEUE: --> 250-8BITMIME
Jan 14 01:05:02 amida sendmail[3397]: [ID 801593 mail.info] NOQUEUE: --> 250-SIZE
Jan 14 01:05:02 amida sendmail[3397]: [ID 801593 mail.info] NOQUEUE: --> 250-DSN
Jan 14 01:05:02 amida sendmail[3397]: [ID 801593 mail.info] NOQUEUE: --> 250-ONEX
Jan 14 01:05:02 amida sendmail[3397]: [ID 801593 mail.info] NOQUEUE: --> 250-XUSR
Jan 14 01:05:02 amida sendmail[3397]: [ID 801593 mail.info] NOQUEUE: --> 250 HELP
Jan 14 01:05:02 amida sendmail[3397]: [ID 801593 mail.info] NOQUEUE: <-- MAIL From:<root@mailhost.sandsli.dnb.no> SIZE=113
Jan 14 01:05:02 amida sendmail[3400]: [ID 801593 mail.info] BAA03400: --> 250 <root@mailhost.sandsli.dnb.no>... Sender ok
Jan 14 01:05:02 amida sendmail[3400]: [ID 801593 mail.info] BAA03400: <-- RCPT To:<root@mailhost.sandsli.dnb.no>
Jan 14 01:05:02 niwa sendmail[10593]: [ID 801593 mail.warning] BAA10579: forward /var/adm/.forward.niwa+: Group writable directory
Jan 14 01:05:02 niwa sendmail[10593]: [ID 801593 mail.warning] BAA10579: forward /var/adm/.forward+: Group writable directory
Jan 14 01:05:02 amida sendmail[3400]: [ID 801593 mail.info] BAA03400: --> 250 <root@mailhost.sandsli.dnb.no>... Recipient ok
Jan 14 01:05:02 amida sendmail[3400]: [ID 801593 mail.info] BAA03400: <-- RCPT To:<adm@mailhost.sandsli.dnb.no>
Jan 14 01:05:02 niwa sendmail[10593]: [ID 801593 mail.warning] BAA10579: forward /var/adm/.forward.niwa: Group writable directory
Jan 14 01:05:02 niwa sendmail[10593]: [ID 801593 mail.warning] BAA10579: forward /var/adm/.forward: Group writable directory
Jan 14 01:05:02 amida sendmail[3400]: [ID 801593 mail.info] BAA03400: --> 250 <adm@mailhost.sandsli.dnb.no>... Recipient ok
Jan 14 01:05:02 amida sendmail[3400]: [ID 801593 mail.info] BAA03400: <-- DATA
Jan 14 01:05:02 amida sendmail[3400]: [ID 801593 mail.info] BAA03400: --> 354 Enter mail, end with "." on a line by itself
Jan 14 01:05:02 amida sendmail[3350]: [ID 801593 mail.info] BAA03322: to=adne, ctladdr=root@mailhost.sandsli.dnb.no (0/1), delay=00:00:01, xdelay=00:00:00, mailer=local, stat=Sent
Jan 14 01:05:02 amida sendmail[3400]: [ID 801593 mail.info] BAA03400: from=<root@mailhost.sandsli.dnb.no>, size=411, class=0, pri=60411, nrcpts=2, msgid=<200201140005.BAA18014@kumo-fe0.sandsli.dnb.no>, proto=ESMTP, relay=kumo-fe0 [10.2.4.64]
Jan 14 01:05:02 amida sendmail[3400]: [ID 801593 mail.info] BAA03400: --> 250 BAA03400 Message accepted for delivery
Jan 14 01:05:02 amida sendmail[3397]: [ID 801593 mail.info] NOQUEUE: <-- QUIT
Jan 14 01:05:02 amida sendmail[3397]: [ID 801593 mail.info] NOQUEUE: --> 221 mailhost.DnB-Data.DnB.no closing connection
Jan 14 01:05:02 amida sendmail[3449]: [ID 801593 mail.info] BAA03400: alias <root@mailhost.sandsli.dnb.no> => sysadm
Jan 14 01:05:02 amida sendmail[3449]: [ID 801593 mail.info] BAA03400: alias sysadm => :include:/dnb/share/etc/aliases.sysadm
Jan 14 01:05:02 amida sendmail[3449]: [ID 801593 mail.info] BAA03400: alias Adne.Hestenes => adne
Jan 14 01:05:02 amida sendmail[3449]: [ID 801593 mail.info] BAA03400: alias adne => Adne.Hestenes
Jan 14 01:05:02 amida sendmail[3449]: [ID 801593 mail.info] BAA03400: alias Bjorn.Faye => Bjorn.Faye@DnB.no
Jan 14 01:05:02 amida sendmail[3449]: [ID 801593 mail.info] BAA03400: alias Jon.Trygve.Utne => Jon-Trygve.Utne
Jan 14 01:05:02 amida sendmail[3449]: [ID 801593 mail.info] BAA03400: alias Jon-Trygve.Utne => ab27157
Jan 14 01:05:02 amida sendmail[3449]: [ID 801593 mail.info] BAA03400: alias Jan.Thomas.Moldung => ab83600
Jan 14 01:05:02 amida sendmail[3449]: [ID 801593 mail.info] BAA03400: alias Geir.Olsen => Geir.Olsen@DnB.no
Jan 14 01:05:02 amida sendmail[3449]: [ID 801593 mail.info] BAA03400: alias Oyvind.Hope => ab32681
Jan 14 01:05:02 amida sendmail[3449]: [ID 801593 mail.info] BAA03400: forward ab32681 => "| IFS=' '; /dnb/local/bin/procmail -Ytf '-'"
Jan 14 01:05:02 amida sendmail[3449]: [ID 801593 mail.info] BAA03400: alias <adm@mailhost.sandsli.dnb.no> => sysadm
Jan 14 01:05:02 amida sendmail[3350]: [ID 801593 mail.info] BAA03322: to=Geir.Olsen@DnB.no,Bjorn.Faye@DnB.no, ctladdr=root@mailhost.sandsli.dnb.no (0/1), delay=00:00:01, xdelay=00:00:00, mailer=smtp, relay=smtp.dnb.no. [10.2.6.25], stat=Sent (OK)
Jan 14 01:05:03 amida sendmail[3350]: [ID 801593 mail.info] BAA03322: to=ab27157, ctladdr=root@mailhost.sandsli.dnb.no (0/1), delay=00:00:02, xdelay=00:00:01, mailer=local, stat=Sent
Jan 14 01:05:03 amida sendmail[3449]: [ID 801593 mail.info] BAA03400: to=adne, ctladdr=root@mailhost.sandsli.dnb.no (0/1), delay=00:00:01, xdelay=00:00:01, mailer=local, stat=Sent
Jan 14 01:05:03 amida sendmail[3505]: [ID 702911 mail.info] SMTP connect from fuji [10.2.4.31] (10.2.4.31)
Jan 14 01:05:03 amida sendmail[3505]: [ID 801593 mail.info] NOQUEUE: --> 220 mailhost.DnB-Data.DnB.no; ESMTP Mon, 14 Jan 2002 01:05:03 +0100 (MET)
Jan 14 01:05:03 amida sendmail[3505]: [ID 801593 mail.info] NOQUEUE: <-- EHLO fuji-fe0.sandsli.dnb.no
Jan 14 01:05:03 amida sendmail[3505]: [ID 801593 mail.info] NOQUEUE: --> 250-mailhost.DnB-Data.DnB.no Hello fuji [10.2.4.31], pleased to meet you
Jan 14 01:05:03 amida sendmail[3505]: [ID 801593 mail.info] NOQUEUE: --> 250-8BITMIME
Jan 14 01:05:03 amida sendmail[3505]: [ID 801593 mail.info] NOQUEUE: --> 250-SIZE
Jan 14 01:05:03 amida sendmail[3505]: [ID 801593 mail.info] NOQUEUE: --> 250-DSN
Jan 14 01:05:03 amida sendmail[3505]: [ID 801593 mail.info] NOQUEUE: --> 250-ONEX
Jan 14 01:05:03 amida sendmail[3505]: [ID 801593 mail.info] NOQUEUE: --> 250-XUSR
Jan 14 01:05:03 amida sendmail[3505]: [ID 801593 mail.info] NOQUEUE: --> 250 HELP
Jan 14 01:05:03 amida sendmail[3505]: [ID 801593 mail.info] NOQUEUE: <-- MAIL From:<root@mailhost.sandsli.dnb.no> SIZE=113
Jan 14 01:05:03 amida sendmail[3350]: [ID 801593 mail.info] BAA03322: to=ab83600, ctladdr=root@mailhost.sandsli.dnb.no (0/1), delay=00:00:02, xdelay=00:00:00, mailer=local, stat=Sent
Jan 14 01:05:03 amida sendmail[3507]: [ID 801593 mail.info] BAA03507: --> 250 <root@mailhost.sandsli.dnb.no>... Sender ok
Jan 14 01:05:03 amida sendmail[3507]: [ID 801593 mail.info] BAA03507: <-- RCPT To:<root@mailhost.sandsli.dnb.no>
Jan 14 01:05:03 amida sendmail[3507]: [ID 801593 mail.info] BAA03507: --> 250 <root@mailhost.sandsli.dnb.no>... Recipient ok
Jan 14 01:05:03 amida sendmail[3507]: [ID 801593 mail.info] BAA03507: <-- RCPT To:<adm@mailhost.sandsli.dnb.no>
Jan 14 01:05:03 amida sendmail[3507]: [ID 801593 mail.info] BAA03507: --> 250 <adm@mailhost.sandsli.dnb.no>... Recipient ok
Jan 14 01:05:03 amida sendmail[3507]: [ID 801593 mail.info] BAA03507: <-- DATA
Jan 14 01:05:03 amida sendmail[3507]: [ID 801593 mail.info] BAA03507: --> 354 Enter mail, end with "." on a line by itself
Jan 14 01:05:03 amida sendmail[3507]: [ID 801593 mail.info] BAA03507: from=<root@mailhost.sandsli.dnb.no>, size=411, class=0, pri=60411, nrcpts=2, msgid=<200201140005.BAA18468@fuji-fe0.sandsli.dnb.no>, proto=ESMTP, relay=fuji [10.2.4.31]
Jan 14 01:05:03 amida sendmail[3350]: [ID 801593 mail.info] BAA03322: to="| IFS=' '; /dnb/local/bin/procmail -Ytf '-'", ctladdr=ab32681 (1385/1500), delay=00:00:02, xdelay=00:00:00, mailer=prog, stat=Sent
Jan 14 01:05:03 amida sendmail[3449]: [ID 801593 mail.info] BAA03400: to=Geir.Olsen@DnB.no,Bjorn.Faye@DnB.no, ctladdr=root@mailhost.sandsli.dnb.no (0/1), delay=00:00:01, xdelay=00:00:00, mailer=smtp, relay=smtp.dnb.no. [10.20.16.25], stat=Sent (OK)
Jan 14 01:05:03 amida sendmail[3350]: [ID 801593 mail.info] BAA03322: done
Jan 14 01:05:03 amida sendmail[3507]: [ID 801593 mail.info] BAA03507: --> 250 BAA03507 Message accepted for delivery
Jan 14 01:05:03 amida sendmail[3505]: [ID 801593 mail.info] NOQUEUE: <-- QUIT
Jan 14 01:05:03 amida sendmail[3505]: [ID 801593 mail.info] NOQUEUE: --> 221 mailhost.DnB-Data.DnB.no closing connection
Jan 14 01:05:03 amida sendmail[3543]: [ID 801593 mail.info] BAA03507: alias <root@mailhost.sandsli.dnb.no> => sysadm
Jan 14 01:05:03 amida sendmail[3543]: [ID 801593 mail.info] BAA03507: alias sysadm => :include:/dnb/share/etc/aliases.sysadm
Jan 14 01:05:03 amida sendmail[3543]: [ID 801593 mail.info] BAA03507: alias Adne.Hestenes => adne
Jan 14 01:05:03 amida sendmail[3543]: [ID 801593 mail.info] BAA03507: alias adne => Adne.Hestenes
Jan 14 01:05:03 amida sendmail[3543]: [ID 801593 mail.info] BAA03507: alias Bjorn.Faye => Bjorn.Faye@DnB.no
Jan 14 01:05:03 amida sendmail[3543]: [ID 801593 mail.info] BAA03507: alias Jon.Trygve.Utne => Jon-Trygve.Utne
Jan 14 01:05:03 amida sendmail[3543]: [ID 801593 mail.info] BAA03507: alias Jon-Trygve.Utne => ab27157
Jan 14 01:05:03 amida sendmail[3543]: [ID 801593 mail.info] BAA03507: alias Jan.Thomas.Moldung => ab83600
Jan 14 01:05:03 amida sendmail[3543]: [ID 801593 mail.info] BAA03507: alias Geir.Olsen => Geir.Olsen@DnB.no
Jan 14 01:05:03 amida sendmail[3543]: [ID 801593 mail.info] BAA03507: alias Oyvind.Hope => ab32681
Jan 14 01:05:03 amida sendmail[3543]: [ID 801593 mail.info] BAA03507: forward ab32681 => "| IFS=' '; /dnb/local/bin/procmail -Ytf '-'"
Jan 14 01:05:03 amida sendmail[3543]: [ID 801593 mail.info] BAA03507: alias <adm@mailhost.sandsli.dnb.no> => sysadm
Jan 14 01:05:03 amida sendmail[3449]: [ID 801593 mail.info] BAA03400: to=ab27157, ctladdr=root@mailhost.sandsli.dnb.no (0/1), delay=00:00:01, xdelay=00:00:00, mailer=local, stat=Sent
Jan 14 01:05:04 amida sendmail[3543]: [ID 801593 mail.info] BAA03507: to=adne, ctladdr=root@mailhost.sandsli.dnb.no (0/1), delay=00:00:01, xdelay=00:00:01, mailer=local, stat=Sent
Jan 14 01:05:04 amida sendmail[3449]: [ID 801593 mail.info] BAA03400: to=ab83600, ctladdr=root@mailhost.sandsli.dnb.no (0/1), delay=00:00:02, xdelay=00:00:01, mailer=local, stat=Sent
Jan 14 01:05:04 amida sendmail[3449]: [ID 801593 mail.info] BAA03400: to="| IFS=' '; /dnb/local/bin/procmail -Ytf '-'", ctladdr=ab32681 (1385/1500), delay=00:00:02, xdelay=00:00:00, mailer=prog, stat=Sent
Jan 14 01:05:04 amida sendmail[3449]: [ID 801593 mail.info] BAA03400: done
Jan 14 01:05:04 amida sendmail[3543]: [ID 801593 mail.info] BAA03507: to=Geir.Olsen@DnB.no,Bjorn.Faye@DnB.no, ctladdr=root@mailhost.sandsli.dnb.no (0/1), delay=00:00:01, xdelay=00:00:00, mailer=smtp, relay=smtp.dnb.no. [10.2.6.25], stat=Sent (OK)
Jan 14 01:05:04 amida sendmail[3543]: [ID 801593 mail.info] BAA03507: to=ab27157, ctladdr=root@mailhost.sandsli.dnb.no (0/1), delay=00:00:01, xdelay=00:00:00, mailer=local, stat=Sent
Jan 14 01:05:04 amida sendmail[3543]: [ID 801593 mail.info] BAA03507: to=ab83600, ctladdr=root@mailhost.sandsli.dnb.no (0/1), delay=00:00:01, xdelay=00:00:00, mailer=local, stat=Sent
Jan 14 01:05:04 amida sendmail[3543]: [ID 801593 mail.info] BAA03507: to="| IFS=' '; /dnb/local/bin/procmail -Ytf '-'", ctladdr=ab32681 (1385/1500), delay=00:00:01, xdelay=00:00:00, mailer=prog, stat=Sent
Jan 14 01:05:04 amida sendmail[3543]: [ID 801593 mail.info] BAA03507: done
Jan 14 01:06:28 amida sendmail[5345]: [ID 702911 mail.info] SMTP connect from localhost [127.0.0.1] (127.0.0.1)
Jan 14 01:06:28 amida sendmail[5345]: [ID 801593 mail.info] NOQUEUE: --> 220 mailhost.DnB-Data.DnB.no; ESMTP Mon, 14 Jan 2002 01:06:28 +0100 (MET)
Jan 14 01:06:28 amida sendmail[5345]: [ID 801593 mail.info] NOQUEUE: <-- HELO localhost
Jan 14 01:06:28 amida sendmail[5345]: [ID 801593 mail.info] NOQUEUE: --> 250 mailhost.DnB-Data.DnB.no Hello localhost [127.0.0.1], pleased to meet you
Jan 14 01:06:28 amida sendmail[5345]: [ID 801593 mail.info] NOQUEUE: <-- mail from: <webmaster@dnb.no>
Jan 14 01:06:28 amida sendmail[5346]: [ID 801593 mail.info] BAA05346: --> 250 <webmaster@dnb.no>... Sender ok
Jan 14 01:06:28 amida sendmail[5346]: [ID 801593 mail.info] BAA05346: <-- rcpt to: <kontoadm@dnb.no>
Jan 14 01:06:28 amida sendmail[5346]: [ID 801593 mail.info] BAA05346: --> 250 <kontoadm@dnb.no>... Recipient ok
Jan 14 01:06:28 amida sendmail[5346]: [ID 801593 mail.info] BAA05346: <-- data
Jan 14 01:06:28 amida sendmail[5346]: [ID 801593 mail.info] BAA05346: --> 354 Enter mail, end with "." on a line by itself
Jan 14 01:06:29 amida sendmail[5346]: [ID 801593 mail.info] BAA05346: from=<webmaster@dnb.no>, size=888, class=0, pri=30888, nrcpts=1, msgid=<200201140006.BAA05346@mailhost.DnB-Data.DnB.no>, proto=SMTP, relay=localhost [127.0.0.1]
Jan 14 01:06:29 amida sendmail[5346]: [ID 801593 mail.info] NOQUEUE: --> 250 BAA05346 Message accepted for delivery
Jan 14 01:06:29 amida sendmail[5345]: [ID 801593 mail.info] NOQUEUE: <-- quit
Jan 14 01:06:29 amida sendmail[5345]: [ID 801593 mail.info] NOQUEUE: --> 221 mailhost.DnB-Data.DnB.no closing connection
Jan 14 01:06:29 amida sendmail[5348]: [ID 801593 mail.info] BAA05346: to=<kontoadm@dnb.no>, delay=00:00:01, xdelay=00:00:00, mailer=smtp, relay=smtp.dnb.no. [10.20.16.25], stat=Sent (OK)
Jan 14 01:06:29 amida sendmail[5348]: [ID 801593 mail.info] BAA05346: done
Jan 14 01:06:37 amida sendmail[5379]: [ID 801593 mail.info] BAA05379: from=ARSystem, size=1859, class=0, pri=31859, nrcpts=1, msgid=<200201140006.BAA05379@mailhost.DnB-Data.DnB.no>, relay=root@localhost
Jan 14 01:06:37 amida sendmail[5381]: [ID 801593 mail.info] BAA05381: from=ARSystem, size=1860, class=0, pri=31860, nrcpts=1, msgid=<200201140006.BAA05381@mailhost.DnB-Data.DnB.no>, relay=root@localhost
Jan 14 01:06:38 amida sendmail[5383]: [ID 801593 mail.info] BAA05383: from=ARSystem, size=1868, class=0, pri=31868, nrcpts=1, msgid=<200201140006.BAA05383@mailhost.DnB-Data.DnB.no>, relay=root@localhost
Jan 14 01:06:38 amida sendmail[5388]: [ID 801593 mail.info] BAA05379: to=vegard.hagen@dnb.no, ctladdr=ARSystem (10105/1500), delay=00:00:01, xdelay=00:00:00, mailer=smtp, relay=smtp.dnb.no. [10.2.6.25], stat=Sent (OK)
Jan 14 01:06:38 amida sendmail[5388]: [ID 801593 mail.info] BAA05379: done
Jan 14 01:06:38 amida sendmail[5385]: [ID 801593 mail.info] BAA05385: from=ARSystem, size=1862, class=0, pri=31862, nrcpts=1, msgid=<200201140006.BAA05385@mailhost.DnB-Data.DnB.no>, relay=root@localhost
Jan 14 01:06:43 amida sendmail[5397]: [ID 801593 mail.info] BAA05381: to=audun.ronesen@dnb.no, ctladdr=ARSystem (10105/1500), delay=00:00:06, xdelay=00:00:05, mailer=smtp, relay=smtp.dnb.no. [10.20.16.25], stat=Sent (OK)
Jan 14 01:06:43 amida sendmail[5397]: [ID 801593 mail.info] BAA05381: done
Jan 14 01:06:43 amida sendmail[5389]: [ID 801593 mail.info] BAA05389: from=ARSystem, size=1860, class=0, pri=31860, nrcpts=1, msgid=<200201140006.BAA05389@mailhost.DnB-Data.DnB.no>, relay=root@localhost
Jan 14 01:06:43 amida sendmail[5391]: [ID 801593 mail.info] BAA05391: from=ARSystem, size=1858, class=0, pri=31858, nrcpts=1, msgid=<200201140006.BAA05391@mailhost.DnB-Data.DnB.no>, relay=root@localhost
Jan 14 01:06:44 amida sendmail[5416]: [ID 801593 mail.info] BAA05389: to=jorunn.jordan@dnb.no, ctladdr=ARSystem (10105/1500), delay=00:00:06, xdelay=00:00:00, mailer=smtp, relay=smtp.dnb.no. [10.2.6.25], stat=Sent (OK)
Jan 14 01:06:44 amida sendmail[5416]: [ID 801593 mail.info] BAA05389: done
Jan 14 01:06:44 amida sendmail[5393]: [ID 801593 mail.info] BAA05393: from=ARSystem, size=1857, class=0, pri=31857, nrcpts=1, msgid=<200201140006.BAA05393@mailhost.DnB-Data.DnB.no>, relay=root@localhost
Jan 14 01:06:44 amida sendmail[5395]: [ID 801593 mail.info] BAA05395: from=ARSystem, size=1863, class=0, pri=31863, nrcpts=1, msgid=<200201140006.BAA05395@mailhost.DnB-Data.DnB.no>, relay=root@localhost
Jan 14 01:06:44 amida sendmail[5399]: [ID 801593 mail.info] BAA05399: from=ARSystem, size=1858, class=0, pri=31858, nrcpts=1, msgid=<200201140006.BAA05399@mailhost.DnB-Data.DnB.no>, relay=root@localhost
Jan 14 01:06:44 amida sendmail[5418]: [ID 801593 mail.info] BAA05391: to=oyvind.flam@dnb.no, ctladdr=ARSystem (10105/1500), delay=00:00:06, xdelay=00:00:00, mailer=smtp, relay=smtp.dnb.no. [10.20.16.25], stat=Sent (OK)
Jan 14 01:06:44 amida sendmail[5418]: [ID 801593 mail.info] BAA05391: done
Jan 14 01:06:44 amida sendmail[5408]: [ID 801593 mail.info] BAA05383: to=beate.reigstad.lobrot@dnb.no, ctladdr=ARSystem (10105/1500), delay=00:00:07, xdelay=00:00:05, mailer=smtp, relay=smtp.dnb.no. [10.2.6.25], stat=Sent (OK)
Jan 14 01:06:44 amida sendmail[5401]: [ID 801593 mail.info] BAA05401: from=ARSystem, size=1865, class=0, pri=31865, nrcpts=1, msgid=<200201140006.BAA05401@mailhost.DnB-Data.DnB.no>, relay=root@localhost
Jan 14 01:06:44 amida sendmail[5404]: [ID 801593 mail.info] BAA05404: from=ARSystem, size=1865, class=0, pri=31865, nrcpts=1, msgid=<200201140006.BAA05404@mailhost.DnB-Data.DnB.no>, relay=root@localhost
Jan 14 01:06:44 amida sendmail[5408]: [ID 801593 mail.info] BAA05383: done
Jan 14 01:06:44 amida sendmail[5411]: [ID 801593 mail.info] BAA05385: to=tore.nordstrand@dnb.no, ctladdr=ARSystem (10105/1500), delay=00:00:06, xdelay=00:00:05, mailer=smtp, relay=smtp.dnb.no. [10.2.6.25], stat=Sent (OK)
Jan 14 01:06:44 amida sendmail[5411]: [ID 801593 mail.info] BAA05385: done
Jan 14 01:06:44 amida sendmail[5420]: [ID 801593 mail.info] BAA05393: to=dag.moberg@dnb.no, ctladdr=ARSystem (10105/1500), delay=00:00:06, xdelay=00:00:00, mailer=smtp, relay=smtp.dnb.no. [10.20.16.25], stat=Sent (OK)
Jan 14 01:06:44 amida sendmail[5420]: [ID 801593 mail.info] BAA05393: done
Jan 14 01:06:44 amida sendmail[5422]: [ID 801593 mail.info] BAA05395: to=hogne.anker.dahl@dnb.no, ctladdr=ARSystem (10105/1500), delay=00:00:06, xdelay=00:00:00, mailer=smtp, relay=smtp.dnb.no. [10.20.16.25], stat=Sent (OK)
Jan 14 01:06:44 amida sendmail[5422]: [ID 801593 mail.info] BAA05395: done
Jan 14 01:06:44 amida sendmail[5424]: [ID 801593 mail.info] BAA05399: to=stig.wiborg@dnb.no, ctladdr=ARSystem (10105/1500), delay=00:00:05, xdelay=00:00:00, mailer=smtp, relay=smtp.dnb.no. [10.20.16.25], stat=Sent (OK)
Jan 14 01:06:44 amida sendmail[5424]: [ID 801593 mail.info] BAA05399: done
Jan 14 01:06:44 amida sendmail[5429]: [ID 801593 mail.info] BAA05404: to=camilla.vaktskjold@dnb.no, ctladdr=ARSystem (10105/1500), delay=00:00:05, xdelay=00:00:00, mailer=smtp, relay=smtp.dnb.no. [10.2.6.25], stat=Sent (OK)
Jan 14 01:06:44 amida sendmail[5429]: [ID 801593 mail.info] BAA05404: done
Jan 14 01:06:44 amida sendmail[5427]: [ID 801593 mail.info] BAA05401: to=inez.eliassen.berg@dnb.no, ctladdr=ARSystem (10105/1500), delay=00:00:05, xdelay=00:00:00, mailer=smtp, relay=smtp.dnb.no. [10.20.16.25], stat=Sent (OK)
Jan 14 01:06:45 amida sendmail[5427]: [ID 801593 mail.info] BAA05401: done
Jan 14 01:10:06 amida sendmail[5851]: [ID 801593 mail.info] BAA05851: from=ab56379, size=943, class=0, pri=30943, nrcpts=1, msgid=<200201140010.BAA05851@mailhost.DnB-Data.DnB.no>, bodytype=8BITMIME, relay=ab56379@localhost
Jan 14 01:10:07 amida sendmail[5853]: [ID 801593 mail.info] BAA05851: to=Oyvind.Flam@dnb.no, ctladdr=ab56379 (1217/1500), delay=00:00:01, xdelay=00:00:00, mailer=smtp, relay=smtp.dnb.no. [10.20.16.25], stat=Sent (OK)
Jan 14 01:10:07 amida sendmail[5853]: [ID 801593 mail.info] BAA05851: done
Jan 14 01:12:00 amida sendmail[6141]: [ID 801593 mail.info] BAA06141: Authentication-Warning: amida-fe0.sandsli.dnb.no: nobody set sender to SCHEDULER using -f
Jan 14 01:12:00 amida sendmail[6141]: [ID 801593 mail.info] BAA06141: from=SCHEDULER, size=495, class=0, pri=30495, nrcpts=1, msgid=<200201140012.BAA06141@mailhost.DnB-Data.DnB.no>, relay=nobody@localhost
Jan 14 01:12:01 amida sendmail[6143]: [ID 801593 mail.info] BAA06141: to=paul.verbeke@dnb.no, delay=00:00:01, xdelay=00:00:00, mailer=smtp, relay=smtp.dnb.no. [10.2.6.25], stat=Sent (OK)
Jan 14 01:12:01 amida sendmail[6143]: [ID 801593 mail.info] BAA06141: done
Jan 14 01:15:29 amida sendmail[6778]: [ID 702911 mail.info] SMTP connect from localhost [127.0.0.1] (127.0.0.1)
Jan 14 01:15:29 amida sendmail[6778]: [ID 801593 mail.info] NOQUEUE: --> 220 mailhost.DnB-Data.DnB.no; ESMTP Mon, 14 Jan 2002 01:15:29 +0100 (MET)
Jan 14 01:15:29 amida sendmail[6778]: [ID 801593 mail.info] NOQUEUE: <-- HELO localhost
Jan 14 01:15:29 amida sendmail[6778]: [ID 801593 mail.info] NOQUEUE: --> 250 mailhost.DnB-Data.DnB.no Hello localhost [127.0.0.1], pleased to meet you
Jan 14 01:15:29 amida sendmail[6778]: [ID 801593 mail.info] NOQUEUE: <-- mail from: <webmaster@dnb.no>
Jan 14 01:15:29 amida sendmail[6779]: [ID 801593 mail.info] BAA06779: --> 250 <webmaster@dnb.no>... Sender ok
Jan 14 01:15:29 amida sendmail[6779]: [ID 801593 mail.info] BAA06779: <-- rcpt to: <dnb@dnb.no>
Jan 14 01:15:29 amida sendmail[6779]: [ID 801593 mail.info] BAA06779: --> 250 <dnb@dnb.no>... Recipient ok
Jan 14 01:15:29 amida sendmail[6779]: [ID 801593 mail.info] BAA06779: <-- data
Jan 14 01:15:29 amida sendmail[6779]: [ID 801593 mail.info] BAA06779: --> 354 Enter mail, end with "." on a line by itself
Jan 14 01:15:29 amida sendmail[6779]: [ID 801593 mail.info] BAA06779: from=<webmaster@dnb.no>, size=832, class=0, pri=30832, nrcpts=1, msgid=<200201140015.BAA06779@mailhost.DnB-Data.DnB.no>, bodytype=8BITMIME, proto=SMTP, relay=localhost [127.0.0.1]
Jan 14 01:15:29 amida sendmail[6779]: [ID 801593 mail.info] NOQUEUE: --> 250 BAA06779 Message accepted for delivery
Jan 14 01:15:29 amida sendmail[6778]: [ID 801593 mail.info] NOQUEUE: <-- quit
Jan 14 01:15:29 amida sendmail[6778]: [ID 801593 mail.info] NOQUEUE: --> 221 mailhost.DnB-Data.DnB.no closing connection
Jan 14 01:15:29 amida sendmail[6781]: [ID 801593 mail.info] BAA06779: to=<dnb@dnb.no>, delay=00:00:00, xdelay=00:00:00, mailer=smtp, relay=smtp.dnb.no. [10.20.16.25], stat=Sent (OK)
Jan 14 01:15:29 amida sendmail[6781]: [ID 801593 mail.info] BAA06779: done
Jan 14 01:24:40 amida sendmail[9883]: [ID 801593 mail.info] BAA09883: Authentication-Warning: amida-fe0.sandsli.dnb.no: nobody set sender to SCHEDULER using -f
Jan 14 01:24:40 amida sendmail[9883]: [ID 801593 mail.info] BAA09883: from=SCHEDULER, size=610, class=0, pri=30610, nrcpts=1, msgid=<200201140024.BAA09883@mailhost.DnB-Data.DnB.no>, relay=nobody@localhost
Jan 14 01:24:41 amida sendmail[9885]: [ID 801593 mail.info] BAA09883: to=paul.verbeke@dnb.no, delay=00:00:01, xdelay=00:00:01, mailer=smtp, relay=smtp.dnb.no. [10.2.6.25], stat=Sent (OK)
Jan 14 01:24:41 amida sendmail[9885]: [ID 801593 mail.info] BAA09883: done
Jan 14 02:00:02 amida sendmail[18982]: [ID 801593 mail.info] CAA18982: from=sybase, size=366, class=0, pri=30366, nrcpts=1, msgid=<200201140100.CAA18982@mailhost.DnB-Data.DnB.no>, relay=sybase@localhost
Jan 14 02:00:02 amida sendmail[18999]: [ID 801593 mail.info] CAA18982: to=sybase, ctladdr=sybase (107/102), delay=00:00:00, xdelay=00:00:00, mailer=local, stat=Sent
Jan 14 02:00:02 amida sendmail[18999]: [ID 801593 mail.info] CAA18982: done
Jan 14 02:00:05 kinoko.sandsli.dnb.no sendmail[3703]: CAA03703: from=sybck, size=46470, class=0, pri=76470, nrcpts=1, msgid=<200201140100.CAA03703@kinoko.Sandsli.DnB.no>, relay=sybck@localhost
Jan 14 02:00:05 amida sendmail[19070]: [ID 702911 mail.info] SMTP connect from kinoko [10.2.4.13] (10.2.4.13)
Jan 14 02:00:05 amida sendmail[19070]: [ID 801593 mail.info] NOQUEUE: --> 220 mailhost.DnB-Data.DnB.no; ESMTP Mon, 14 Jan 2002 02:00:05 +0100 (MET)
Jan 14 02:00:05 amida sendmail[19070]: [ID 801593 mail.info] NOQUEUE: <-- EHLO kinoko.Sandsli.DnB.no
Jan 14 02:00:05 amida sendmail[19070]: [ID 801593 mail.info] NOQUEUE: --> 250-mailhost.DnB-Data.DnB.no Hello kinoko [10.2.4.13], pleased to meet you
Jan 14 02:00:05 amida sendmail[19070]: [ID 801593 mail.info] NOQUEUE: --> 250-8BITMIME
Jan 14 02:00:05 amida sendmail[19070]: [ID 801593 mail.info] NOQUEUE: --> 250-SIZE
Jan 14 02:00:05 amida sendmail[19070]: [ID 801593 mail.info] NOQUEUE: --> 250-DSN
Jan 14 02:00:05 amida sendmail[19070]: [ID 801593 mail.info] NOQUEUE: --> 250-ONEX
Jan 14 02:00:05 amida sendmail[19070]: [ID 801593 mail.info] NOQUEUE: --> 250-XUSR
Jan 14 02:00:05 amida sendmail[19070]: [ID 801593 mail.info] NOQUEUE: --> 250 HELP
Jan 14 02:00:05 amida sendmail[19070]: [ID 801593 mail.info] NOQUEUE: <-- MAIL From:<sybck@mailhost.sandsli.dnb.no> SIZE=46406
Jan 14 02:00:05 amida sendmail[19072]: [ID 801593 mail.info] CAA19072: --> 250 <sybck@mailhost.sandsli.dnb.no>... Sender ok
Jan 14 02:00:05 amida sendmail[19072]: [ID 801593 mail.info] CAA19072: <-- RCPT To:<jan.thomas.moldung@dnb.no>
Jan 14 02:00:05 amida sendmail[19072]: [ID 801593 mail.info] CAA19072: --> 250 <jan.thomas.moldung@dnb.no>... Recipient ok
Jan 14 02:00:05 amida sendmail[19072]: [ID 801593 mail.info] CAA19072: <-- DATA
Jan 14 02:00:05 amida sendmail[19072]: [ID 801593 mail.info] CAA19072: --> 354 Enter mail, end with "." on a line by itself
Jan 14 02:00:05 amida sendmail[19072]: [ID 801593 mail.info] CAA19072: from=<sybck@mailhost.sandsli.dnb.no>, size=46747, class=0, pri=76747, nrcpts=1, msgid=<200201140100.CAA03703@kinoko.Sandsli.DnB.no>, proto=ESMTP, relay=kinoko [10.2.4.13]
